CRAN Package Check Results for Package deflateBR

Last updated on 2024-02-27 07:54:44 CET.

Flavor Version Tinstall Tcheck Ttotal Status Flags
r-devel-linux-x86_64-debian-clang 1.1.2 2.75 31.86 34.61 NOTE
r-devel-linux-x86_64-debian-gcc 1.1.2 2.42 24.84 27.26 NOTE
r-devel-linux-x86_64-fedora-clang 1.1.2 43.99 NOTE
r-devel-linux-x86_64-fedora-gcc 1.1.2 41.75 NOTE
r-devel-windows-x86_64 1.1.2 5.00 46.00 51.00 NOTE
r-patched-linux-x86_64 1.1.2 3.02 31.65 34.67 NOTE
r-release-linux-x86_64 1.1.2 3.32 31.79 35.11 NOTE
r-release-macos-arm64 1.1.2 18.00 NOTE
r-release-macos-x86_64 1.1.2 24.00 NOTE
r-release-windows-x86_64 1.1.2 5.00 49.00 54.00 NOTE
r-oldrel-macos-arm64 1.1.2 18.00 NOTE
r-oldrel-windows-x86_64 1.1.2 5.00 50.00 55.00 NOTE

Check Details

Version: 1.1.2
Check: LazyData
Result: NOTE 'LazyData' is specified without a 'data' directory Flavors: r-devel-linux-x86_64-debian-clang, r-devel-linux-x86_64-debian-gcc, r-devel-linux-x86_64-fedora-clang, r-devel-linux-x86_64-fedora-gcc, r-devel-windows-x86_64, r-patched-linux-x86_64, r-release-linux-x86_64, r-release-macos-arm64, r-release-macos-x86_64, r-release-windows-x86_64, r-oldrel-macos-arm64, r-oldrel-windows-x86_64