Last updated on 2023-01-27 07:50:30 CET.
Flavor | Version | Tinstall | Tcheck | Ttotal | Status | Flags |
---|---|---|---|---|---|---|
r-devel-linux-x86_64-debian-clang | 1.1.2 | 2.51 | 30.85 | 33.36 | NOTE | |
r-devel-linux-x86_64-debian-gcc | 1.1.2 | 2.69 | 24.36 | 27.05 | NOTE | |
r-devel-linux-x86_64-fedora-clang | 1.1.2 | 43.90 | NOTE | |||
r-devel-linux-x86_64-fedora-gcc | 1.1.2 | 42.69 | NOTE | |||
r-devel-windows-x86_64 | 1.1.2 | 18.00 | 56.00 | 74.00 | NOTE | |
r-patched-linux-x86_64 | 1.1.2 | 2.54 | 31.10 | 33.64 | NOTE | |
r-release-linux-x86_64 | 1.1.2 | 3.25 | 31.71 | 34.96 | NOTE | |
r-release-macos-arm64 | 1.1.2 | 18.00 | NOTE | |||
r-release-macos-x86_64 | 1.1.2 | 30.00 | NOTE | |||
r-release-windows-x86_64 | 1.1.2 | 15.00 | 58.00 | 73.00 | NOTE | |
r-oldrel-macos-arm64 | 1.1.2 | 24.00 | NOTE | |||
r-oldrel-macos-x86_64 | 1.1.2 | 33.00 | NOTE | |||
r-oldrel-windows-ix86+x86_64 | 1.1.2 | 9.00 | 53.00 | 62.00 | NOTE |
Version: 1.1.2
Check: LazyData
Result: NOTE
'LazyData' is specified without a 'data' directory
Flavors: r-devel-linux-x86_64-debian-clang, r-devel-linux-x86_64-debian-gcc, r-devel-linux-x86_64-fedora-clang, r-devel-linux-x86_64-fedora-gcc, r-devel-windows-x86_64, r-patched-linux-x86_64, r-release-linux-x86_64, r-release-macos-arm64, r-release-macos-x86_64, r-release-windows-x86_64, r-oldrel-macos-arm64, r-oldrel-macos-x86_64, r-oldrel-windows-ix86+x86_64