Last updated on 2023-01-28 07:14:52 CET.
Flavor | Version | Tinstall | Tcheck | Ttotal | Status | Flags |
---|---|---|---|---|---|---|
r-devel-linux-x86_64-debian-clang | 0.1.1 | 7.67 | 70.85 | 78.52 | OK | |
r-devel-linux-x86_64-debian-gcc | 0.1.1 | 5.67 | 51.54 | 57.21 | OK | |
r-devel-linux-x86_64-fedora-clang | 0.1.1 | 93.29 | NOTE | |||
r-devel-linux-x86_64-fedora-gcc | 0.1.1 | 91.64 | NOTE | |||
r-devel-windows-x86_64 | 0.1.1 | 20.00 | 92.00 | 112.00 | OK | |
r-patched-linux-x86_64 | 0.1.1 | 8.01 | 66.05 | 74.06 | OK | |
r-release-linux-x86_64 | 0.1.1 | 6.72 | 68.18 | 74.90 | OK | |
r-release-macos-arm64 | 0.1.1 | 31.00 | NOTE | |||
r-release-macos-x86_64 | 0.1.1 | 53.00 | NOTE | |||
r-release-windows-x86_64 | 0.1.1 | 16.00 | 100.00 | 116.00 | OK | |
r-oldrel-macos-arm64 | 0.1.1 | 40.00 | NOTE | |||
r-oldrel-macos-x86_64 | 0.1.1 | 57.00 | NOTE | |||
r-oldrel-windows-ix86+x86_64 | 0.1.1 | 17.00 | 92.00 | 109.00 | OK |
Version: 0.1.1
Check: dependencies in R code
Result: NOTE
Namespace in Imports field not imported from: ‘dplyr’
All declared Imports should be used.
Flavors: r-devel-linux-x86_64-fedora-clang, r-devel-linux-x86_64-fedora-gcc, r-release-macos-arm64, r-release-macos-x86_64, r-oldrel-macos-arm64, r-oldrel-macos-x86_64