Last updated on 2023-02-01 07:52:59 CET.
Flavor | Version | Tinstall | Tcheck | Ttotal | Status | Flags |
---|---|---|---|---|---|---|
r-devel-linux-x86_64-debian-clang | 0.3.0 | 19.30 | 33.40 | 52.70 | NOTE | |
r-devel-linux-x86_64-debian-gcc | 0.3.0 | 15.36 | 25.79 | 41.15 | NOTE | |
r-devel-linux-x86_64-fedora-clang | 0.3.0 | 81.84 | NOTE | |||
r-devel-linux-x86_64-fedora-gcc | 0.3.0 | 84.60 | NOTE | |||
r-devel-windows-x86_64 | 0.3.0 | 34.00 | 88.00 | 122.00 | NOTE | |
r-patched-linux-x86_64 | 0.3.0 | 15.49 | 30.95 | 46.44 | NOTE | |
r-release-linux-x86_64 | 0.3.0 | 18.23 | 33.99 | 52.22 | NOTE | |
r-release-macos-arm64 | 0.3.0 | 22.00 | NOTE | |||
r-release-macos-x86_64 | 0.3.0 | 35.00 | NOTE | |||
r-release-windows-x86_64 | 0.3.0 | 30.00 | 91.00 | 121.00 | NOTE | |
r-oldrel-macos-arm64 | 0.3.0 | 27.00 | NOTE | |||
r-oldrel-macos-x86_64 | 0.3.0 | 48.00 | NOTE | |||
r-oldrel-windows-ix86+x86_64 | 0.3.0 | 51.00 | 83.00 | 134.00 | NOTE |
Version: 0.3.0
Check: C++ specification
Result: NOTE
Specified C++11: please update to current default of C++17
Flavors: r-devel-linux-x86_64-debian-clang, r-devel-linux-x86_64-debian-gcc, r-devel-linux-x86_64-fedora-clang, r-devel-linux-x86_64-fedora-gcc, r-devel-windows-x86_64
Version: 0.3.0
Check: LazyData
Result: NOTE
'LazyData' is specified without a 'data' directory
Flavors: r-devel-linux-x86_64-debian-clang, r-devel-linux-x86_64-debian-gcc, r-devel-linux-x86_64-fedora-clang, r-devel-linux-x86_64-fedora-gcc, r-devel-windows-x86_64, r-patched-linux-x86_64, r-release-linux-x86_64, r-release-macos-arm64, r-release-macos-x86_64, r-release-windows-x86_64, r-oldrel-macos-arm64, r-oldrel-macos-x86_64, r-oldrel-windows-ix86+x86_64