Last updated on 2023-03-31 07:53:23 CEST.
Flavor | Version | Tinstall | Tcheck | Ttotal | Status | Flags |
---|---|---|---|---|---|---|
r-devel-linux-x86_64-debian-clang | 0.0.1 | 1.92 | 23.59 | 25.51 | NOTE | |
r-devel-linux-x86_64-debian-gcc | 0.0.1 | 1.46 | 18.42 | 19.88 | NOTE | |
r-devel-linux-x86_64-fedora-clang | 0.0.1 | 33.01 | NOTE | |||
r-devel-linux-x86_64-fedora-gcc | 0.0.1 | 42.01 | NOTE | |||
r-devel-windows-x86_64 | 0.0.1 | 15.00 | 52.00 | 67.00 | NOTE | |
r-patched-linux-x86_64 | 0.0.1 | 2.28 | 22.36 | 24.64 | NOTE | |
r-release-linux-x86_64 | 0.0.1 | 2.07 | 24.63 | 26.70 | NOTE | |
r-release-macos-arm64 | 0.0.1 | 17.00 | NOTE | |||
r-release-macos-x86_64 | 0.0.1 | 22.00 | NOTE | |||
r-release-windows-x86_64 | 0.0.1 | 16.00 | 56.00 | 72.00 | NOTE | |
r-oldrel-macos-arm64 | 0.0.1 | 20.00 | NOTE | |||
r-oldrel-macos-x86_64 | 0.0.1 | 28.00 | NOTE | |||
r-oldrel-windows-ix86+x86_64 | 0.0.1 | 5.00 | 49.00 | 54.00 | NOTE |
Version: 0.0.1
Check: LazyData
Result: NOTE
'LazyData' is specified without a 'data' directory
Flavors: r-devel-linux-x86_64-debian-clang, r-devel-linux-x86_64-debian-gcc, r-devel-linux-x86_64-fedora-clang, r-devel-linux-x86_64-fedora-gcc, r-devel-windows-x86_64, r-patched-linux-x86_64, r-release-linux-x86_64, r-release-macos-arm64, r-release-macos-x86_64, r-release-windows-x86_64, r-oldrel-macos-arm64, r-oldrel-macos-x86_64, r-oldrel-windows-ix86+x86_64