CRAN Package Check Results for Package debugme

Last updated on 2023-02-06 06:51:52 CET.

Flavor Version Tinstall Tcheck Ttotal Status Flags
r-devel-linux-x86_64-debian-clang 1.1.0 2.34 26.01 28.35 NOTE
r-devel-linux-x86_64-debian-gcc 1.1.0 1.69 20.53 22.22 NOTE
r-devel-linux-x86_64-fedora-clang 1.1.0 36.49 NOTE
r-devel-linux-x86_64-fedora-gcc 1.1.0 35.06 NOTE
r-devel-windows-x86_64 1.1.0 22.00 65.00 87.00 NOTE
r-patched-linux-x86_64 1.1.0 1.82 25.20 27.02 NOTE
r-release-linux-x86_64 1.1.0 1.98 25.31 27.29 NOTE
r-release-macos-arm64 1.1.0 14.00 NOTE
r-release-macos-x86_64 1.1.0 24.00 NOTE
r-release-windows-x86_64 1.1.0 13.00 55.00 68.00 NOTE
r-oldrel-macos-arm64 1.1.0 18.00 NOTE
r-oldrel-macos-x86_64 1.1.0 29.00 NOTE
r-oldrel-windows-ix86+x86_64 1.1.0 5.00 48.00 53.00 NOTE

Check Details

Version: 1.1.0
Check: LazyData
Result: NOTE
     'LazyData' is specified without a 'data' directory
Flavors: r-devel-linux-x86_64-debian-clang, r-devel-linux-x86_64-debian-gcc, r-devel-linux-x86_64-fedora-clang, r-devel-linux-x86_64-fedora-gcc, r-devel-windows-x86_64, r-patched-linux-x86_64, r-release-linux-x86_64, r-release-macos-arm64, r-release-macos-x86_64, r-release-windows-x86_64, r-oldrel-macos-arm64, r-oldrel-macos-x86_64, r-oldrel-windows-ix86+x86_64