CRAN Package Check Results for Package dccmidas

Last updated on 2023-01-26 07:53:48 CET.

Flavor Version Tinstall Tcheck Ttotal Status Flags
r-devel-linux-x86_64-debian-clang 0.1.0 54.18 121.48 175.66 OK
r-devel-linux-x86_64-debian-gcc 0.1.0 41.69 90.47 132.16 OK
r-devel-linux-x86_64-fedora-clang 0.1.0 230.27 NOTE
r-devel-linux-x86_64-fedora-gcc 0.1.0 214.87 NOTE
r-devel-windows-x86_64 0.1.0 65.00 158.00 223.00 OK
r-patched-linux-x86_64 0.1.0 44.87 114.90 159.77 OK
r-release-linux-x86_64 0.1.0 44.24 115.59 159.83 OK
r-release-macos-arm64 0.1.0 57.00 NOTE
r-release-macos-x86_64 0.1.0 105.00 NOTE
r-release-windows-x86_64 0.1.0 59.00 162.00 221.00 OK
r-oldrel-macos-arm64 0.1.0 65.00 NOTE
r-oldrel-macos-x86_64 0.1.0 120.00 NOTE
r-oldrel-windows-ix86+x86_64 0.1.0 137.00 197.00 334.00 OK

Check Details

Version: 0.1.0
Check: dependencies in R code
Result: NOTE
    Namespaces in Imports field not imported from:
     ‘Rcpp’ ‘lubridate’ ‘tseries’
     All declared Imports should be used.
Flavors: r-devel-linux-x86_64-fedora-clang, r-devel-linux-x86_64-fedora-gcc, r-release-macos-arm64, r-release-macos-x86_64, r-oldrel-macos-arm64, r-oldrel-macos-x86_64