Last updated on 2023-02-09 07:56:45 CET.
Flavor | Version | Tinstall | Tcheck | Ttotal | Status | Flags |
---|---|---|---|---|---|---|
r-devel-linux-x86_64-debian-clang | 2.3.0 | 24.46 | 288.74 | 313.20 | OK | |
r-devel-linux-x86_64-debian-gcc | 2.3.0 | 19.23 | 210.99 | 230.22 | OK | |
r-devel-linux-x86_64-fedora-clang | 2.3.0 | 364.15 | OK | |||
r-devel-linux-x86_64-fedora-gcc | 2.3.0 | 372.35 | OK | |||
r-devel-windows-x86_64 | 2.3.0 | 231.00 | 337.00 | 568.00 | OK | |
r-patched-linux-x86_64 | 2.3.0 | 26.61 | 269.86 | 296.47 | OK | |
r-release-linux-x86_64 | 2.3.0 | 18.87 | 248.14 | 267.01 | OK | |
r-release-macos-arm64 | 2.3.0 | 125.00 | OK | |||
r-release-macos-x86_64 | 2.3.0 | 118.00 | OK | |||
r-release-windows-x86_64 | 2.3.0 | 252.00 | 310.00 | 562.00 | OK | |
r-oldrel-macos-arm64 | 2.3.0 | 89.00 | OK | |||
r-oldrel-macos-x86_64 | 2.3.0 | 130.00 | OK | |||
r-oldrel-windows-ix86+x86_64 | 2.3.0 | 40.00 | 327.00 | 367.00 | WARN |
Version: 2.3.0
Check: for unstated dependencies in ‘tests’
Result: WARN
Warning: unable to access index for repository https://bioconductor.org/packages/3.14/bioc/src/contrib:
cannot open URL 'https://bioconductor.org/packages/3.14/bioc/src/contrib/PACKAGES'
Warning: unable to access index for repository https://bioconductor.org/packages/3.14/data/annotation/src/contrib:
cannot open URL 'https://bioconductor.org/packages/3.14/data/annotation/src/contrib/PACKAGES'
Warning: unable to access index for repository https://bioconductor.org/packages/3.14/data/experiment/src/contrib:
cannot open URL 'https://bioconductor.org/packages/3.14/data/experiment/src/contrib/PACKAGES'
Flavor: r-oldrel-windows-ix86+x86_64