Last updated on 2023-01-29 07:56:00 CET.
Flavor | Version | Tinstall | Tcheck | Ttotal | Status | Flags |
---|---|---|---|---|---|---|
r-devel-linux-x86_64-debian-clang | 2.8-0 | 34.28 | 219.72 | 254.00 | OK | |
r-devel-linux-x86_64-debian-gcc | 2.8-0 | 28.39 | 155.63 | 184.02 | WARN | |
r-devel-linux-x86_64-fedora-clang | 2.8-0 | 178.27 | OK | |||
r-devel-linux-x86_64-fedora-gcc | 2.8-0 | 172.50 | WARN | |||
r-devel-windows-x86_64 | 2.8-0 | 56.00 | 277.00 | 333.00 | WARN | |
r-patched-linux-x86_64 | 2.8-0 | 37.11 | 199.56 | 236.67 | OK | |
r-release-linux-x86_64 | 2.8-0 | 33.05 | 202.01 | 235.06 | OK | |
r-release-macos-arm64 | 2.8-0 | 83.00 | OK | |||
r-release-macos-x86_64 | 2.8-0 | 116.00 | OK | |||
r-release-windows-x86_64 | 2.8-0 | 50.00 | 272.00 | 322.00 | OK | |
r-oldrel-macos-arm64 | 2.8-0 | 80.00 | OK | |||
r-oldrel-macos-x86_64 | 2.8-0 | 112.00 | OK | |||
r-oldrel-windows-ix86+x86_64 | 2.8-0 | 83.00 | 362.00 | 445.00 | OK |
Version: 2.8-0
Check: whether package can be installed
Result: WARN
Found the following significant warnings:
/home/hornik/tmp/R.check/r-devel-gcc/Work/build/Packages/RcppParallel/include/tbb/concurrent_hash_map.h:343:23: warning: ‘template<class _Category, class _Tp, class _Distance, class _Pointer, class _Reference> struct std::iterator’ is deprecated [-Wdeprecated-declarations]
/home/hornik/tmp/R.check/r-devel-gcc/Work/build/Packages/RcppParallel/include/tbb/internal/_concurrent_queue_impl.h:744:21: warning: ‘template<class _Category, class _Tp, class _Distance, class _Pointer, class _Reference> struct std::iterator’ is deprecated [-Wdeprecated-declarations]
/home/hornik/tmp/R.check/r-devel-gcc/Work/build/Packages/RcppParallel/include/tbb/internal/_concurrent_queue_impl.h:1003:21: warning: ‘template<class _Category, class _Tp, class _Distance, class _Pointer, class _Reference> struct std::iterator’ is deprecated [-Wdeprecated-declarations]
/home/hornik/tmp/R.check/r-devel-gcc/Work/build/Packages/RcppParallel/include/tbb/internal/_concurrent_unordered_impl.h:67:36: warning: ‘template<class _Category, class _Tp, class _Distance, class _Pointer, class _Reference> struct std::iterator’ is deprecated [-Wdeprecated-declarations]
/home/hornik/tmp/R.check/r-devel-gcc/Work/build/Packages/RcppParallel/include/RcppParallel/RMatrix.h:18:24: warning: ‘template<class _Category, class _Tp, class _Distance, class _Pointer, class _Reference> struct std::iterator’ is deprecated [-Wdeprecated-declarations]
See ‘/home/hornik/tmp/R.check/r-devel-gcc/Work/PKGS/dbmss.Rcheck/00install.out’ for details.
* used C++ compiler: ‘g++-12 (Debian 12.2.0-14) 12.2.0’
Flavor: r-devel-linux-x86_64-debian-gcc
Version: 2.8-0
Check: whether package can be installed
Result: WARN
Found the following significant warnings:
/data/gannet/ripley/R/test-dev/RcppParallel/include/tbb/concurrent_hash_map.h:343:23: warning: ‘template<class _Category, class _Tp, class _Distance, class _Pointer, class _Reference> struct std::iterator’ is deprecated [-Wdeprecated-declarations]
/data/gannet/ripley/R/test-dev/RcppParallel/include/tbb/internal/_concurrent_queue_impl.h:744:21: warning: ‘template<class _Category, class _Tp, class _Distance, class _Pointer, class _Reference> struct std::iterator’ is deprecated [-Wdeprecated-declarations]
/data/gannet/ripley/R/test-dev/RcppParallel/include/tbb/internal/_concurrent_queue_impl.h:1003:21: warning: ‘template<class _Category, class _Tp, class _Distance, class _Pointer, class _Reference> struct std::iterator’ is deprecated [-Wdeprecated-declarations]
/data/gannet/ripley/R/test-dev/RcppParallel/include/tbb/internal/_concurrent_unordered_impl.h:67:36: warning: ‘template<class _Category, class _Tp, class _Distance, class _Pointer, class _Reference> struct std::iterator’ is deprecated [-Wdeprecated-declarations]
/data/gannet/ripley/R/test-dev/RcppParallel/include/RcppParallel/RMatrix.h:18:24: warning: ‘template<class _Category, class _Tp, class _Distance, class _Pointer, class _Reference> struct std::iterator’ is deprecated [-Wdeprecated-declarations]
See ‘/data/gannet/ripley/R/packages/tests-devel/dbmss.Rcheck/00install.out’ for details.
* used C++ compiler: ‘g++ (GCC) 12.2.1 20221121 (Red Hat 12.2.1-4)’
Flavor: r-devel-linux-x86_64-fedora-gcc
Version: 2.8-0
Check: whether package can be installed
Result: WARN
Found the following significant warnings:
D:/RCompile/CRANpkg/lib/4.3/RcppParallel/include/RcppParallel/RMatrix.h:18:24: warning: 'template<class _Category, class _Tp, class _Distance, class _Pointer, class _Reference> struct std::iterator' is deprecated [-Wdeprecated-declarations]
See 'd:/Rcompile/CRANpkg/local/4.3/dbmss.Rcheck/00install.out' for details.
* used C++ compiler: 'g++.exe (GCC) 12.2.0'
Flavor: r-devel-windows-x86_64