Last updated on 2023-01-27 07:50:30 CET.
Flavor | Version | Tinstall | Tcheck | Ttotal | Status | Flags |
---|---|---|---|---|---|---|
r-devel-linux-x86_64-debian-clang | 1.0.0 | 2.40 | 105.27 | 107.67 | OK | |
r-devel-linux-x86_64-debian-gcc | 1.0.0 | 1.89 | 79.42 | 81.31 | OK | |
r-devel-linux-x86_64-fedora-clang | 1.0.0 | 129.81 | NOTE | |||
r-devel-linux-x86_64-fedora-gcc | 1.0.0 | 128.01 | NOTE | |||
r-devel-windows-x86_64 | 1.0.0 | 19.00 | 155.00 | 174.00 | OK | |
r-patched-linux-x86_64 | 1.0.0 | 2.02 | 100.50 | 102.52 | OK | |
r-release-linux-x86_64 | 1.0.0 | 2.49 | 110.89 | 113.38 | OK | |
r-release-macos-arm64 | 1.0.0 | 52.00 | NOTE | |||
r-release-macos-x86_64 | 1.0.0 | 83.00 | NOTE | |||
r-release-windows-x86_64 | 1.0.0 | 24.00 | 179.00 | 203.00 | OK | |
r-oldrel-macos-arm64 | 1.0.0 | 55.00 | NOTE | |||
r-oldrel-macos-x86_64 | 1.0.0 | 125.00 | NOTE | |||
r-oldrel-windows-ix86+x86_64 | 1.0.0 | 6.00 | 141.00 | 147.00 | OK |
Version: 1.0.0
Check: data for non-ASCII characters
Result: NOTE
Note: found 1 marked Latin-1 string
Note: found 360 marked UTF-8 strings
Flavors: r-devel-linux-x86_64-fedora-clang, r-devel-linux-x86_64-fedora-gcc, r-release-macos-arm64, r-release-macos-x86_64, r-oldrel-macos-arm64, r-oldrel-macos-x86_64