CRAN Package Check Results for Package datoramar

Last updated on 2024-03-04 07:48:25 CET.

Flavor Version Tinstall Tcheck Ttotal Status Flags
r-devel-linux-x86_64-debian-clang 0.1.0 2.17 20.51 22.68 NOTE
r-devel-linux-x86_64-debian-gcc 0.1.0 1.60 15.94 17.54 NOTE
r-devel-linux-x86_64-fedora-clang 0.1.0 27.55 NOTE
r-devel-linux-x86_64-fedora-gcc 0.1.0 26.35 NOTE
r-devel-windows-x86_64 0.1.0 3.00 38.00 41.00 NOTE
r-patched-linux-x86_64 0.1.0 2.06 20.12 22.18 NOTE
r-release-linux-x86_64 0.1.0 2.10 19.97 22.07 NOTE
r-release-macos-arm64 0.1.0 16.00 NOTE
r-release-macos-x86_64 0.1.0 20.00 NOTE
r-release-windows-x86_64 0.1.0 3.00 39.00 42.00 NOTE
r-oldrel-macos-arm64 0.1.0 14.00 NOTE
r-oldrel-windows-x86_64 0.1.0 3.00 42.00 45.00 NOTE

Check Details

Version: 0.1.0
Check: LazyData
Result: NOTE 'LazyData' is specified without a 'data' directory Flavors: r-devel-linux-x86_64-debian-clang, r-devel-linux-x86_64-debian-gcc, r-devel-linux-x86_64-fedora-clang, r-devel-linux-x86_64-fedora-gcc, r-devel-windows-x86_64, r-patched-linux-x86_64, r-release-linux-x86_64, r-release-macos-arm64, r-release-macos-x86_64, r-release-windows-x86_64, r-oldrel-macos-arm64, r-oldrel-windows-x86_64