CRAN Package Check Results for Package datawizard

Last updated on 2024-03-02 06:51:50 CET.

Flavor Version Tinstall Tcheck Ttotal Status Flags
r-devel-linux-x86_64-debian-clang 0.9.1 14.35 245.30 259.65 OK
r-devel-linux-x86_64-debian-gcc 0.9.1 11.68 178.05 189.73 OK
r-devel-linux-x86_64-fedora-clang 0.9.1 303.63 NOTE
r-devel-linux-x86_64-fedora-gcc 0.9.1 332.87 OK
r-devel-windows-x86_64 0.9.1 13.00 191.00 204.00 OK
r-patched-linux-x86_64 0.9.1 17.68 232.92 250.60 OK
r-release-linux-x86_64 0.9.1 10.91 230.83 241.74 OK
r-release-macos-arm64 0.9.1 98.00 OK
r-release-macos-x86_64 0.9.1 224.00 OK
r-release-windows-x86_64 0.9.1 16.00 228.00 244.00 OK
r-oldrel-macos-arm64 0.9.1 92.00 OK
r-oldrel-windows-x86_64 0.9.1 19.00 228.00 247.00 OK

Check Details

Version: 0.9.1
Check: Rd cross-references
Result: NOTE Undeclared package ‘performance’ in Rd xrefs Flavor: r-devel-linux-x86_64-fedora-clang