CRAN Package Check Results for Package datanugget

Last updated on 2023-01-26 07:53:48 CET.

Flavor Version Tinstall Tcheck Ttotal Status Flags
r-devel-linux-x86_64-debian-clang 1.0.0 3.55 46.01 49.56 NOTE
r-devel-linux-x86_64-debian-gcc 1.0.0 4.17 33.61 37.78 NOTE
r-devel-linux-x86_64-fedora-clang 1.0.0 60.19 NOTE
r-devel-linux-x86_64-fedora-gcc 1.0.0 59.56 NOTE
r-devel-windows-x86_64 1.0.0 17.00 72.00 89.00 NOTE
r-patched-linux-x86_64 1.0.0 4.06 44.05 48.11 NOTE
r-release-linux-x86_64 1.0.0 4.60 44.67 49.27 NOTE
r-release-macos-arm64 1.0.0 21.00 NOTE
r-release-macos-x86_64 1.0.0 29.00 NOTE
r-release-windows-x86_64 1.0.0 13.00 71.00 84.00 NOTE
r-oldrel-macos-arm64 1.0.0 36.00 NOTE
r-oldrel-macos-x86_64 1.0.0 39.00 NOTE
r-oldrel-windows-ix86+x86_64 1.0.0 9.00 67.00 76.00 NOTE

Additional issues

donttest

Check Details

Version: 1.0.0
Check: LazyData
Result: NOTE
     'LazyData' is specified without a 'data' directory
Flavors: r-devel-linux-x86_64-debian-clang, r-devel-linux-x86_64-debian-gcc, r-devel-linux-x86_64-fedora-clang, r-devel-linux-x86_64-fedora-gcc, r-devel-windows-x86_64, r-patched-linux-x86_64, r-release-linux-x86_64, r-release-macos-arm64, r-release-macos-x86_64, r-release-windows-x86_64, r-oldrel-macos-arm64, r-oldrel-macos-x86_64, r-oldrel-windows-ix86+x86_64