CRAN Package Check Results for Package dataMeta

Last updated on 2023-06-01 07:56:57 CEST.

Flavor Version Tinstall Tcheck Ttotal Status Flags
r-devel-linux-x86_64-debian-clang 0.1.1 1.98 27.31 29.29 NOTE
r-devel-linux-x86_64-debian-gcc 0.1.1 1.87 21.68 23.55 NOTE
r-devel-linux-x86_64-fedora-clang 0.1.1 37.92 NOTE
r-devel-linux-x86_64-fedora-gcc 0.1.1 47.49 NOTE
r-devel-windows-x86_64 0.1.1 4.00 45.00 49.00 OK
r-patched-linux-x86_64 0.1.1 NOTE
r-release-linux-x86_64 0.1.1 1.89 26.77 28.66 NOTE
r-release-macos-arm64 0.1.1 24.00 OK
r-release-macos-x86_64 0.1.1 33.00 OK
r-release-windows-x86_64 0.1.1 5.00 44.00 49.00 OK
r-oldrel-macos-arm64 0.1.1 18.00 OK
r-oldrel-macos-x86_64 0.1.1 29.00 OK
r-oldrel-windows-x86_64 0.1.1 4.00 47.00 51.00 OK

Check Details

Version: 0.1.1
Check: for non-standard things in the check directory
Result: NOTE
    Found the following files/directories:
     ‘my new data set.rds’
Flavors: r-devel-linux-x86_64-debian-clang, r-devel-linux-x86_64-debian-gcc, r-devel-linux-x86_64-fedora-clang, r-devel-linux-x86_64-fedora-gcc, r-patched-linux-x86_64, r-release-linux-x86_64