Last updated on 2025-01-25 07:50:22 CET.
Flavor | Version | Tinstall | Tcheck | Ttotal | Status | Flags |
---|---|---|---|---|---|---|
r-devel-linux-x86_64-debian-clang | 1.16.4 | 37.82 | 267.70 | 305.52 | NOTE | |
r-devel-linux-x86_64-debian-gcc | 1.16.4 | 31.93 | 183.69 | 215.62 | NOTE | |
r-devel-linux-x86_64-fedora-clang | 1.16.4 | 492.32 | NOTE | |||
r-devel-linux-x86_64-fedora-gcc | 1.16.4 | 443.44 | NOTE | |||
r-devel-windows-x86_64 | 1.16.4 | 61.00 | 553.00 | 614.00 | NOTE | |
r-patched-linux-x86_64 | 1.16.4 | 40.48 | 228.57 | 269.05 | OK | |
r-release-linux-x86_64 | 1.16.4 | 38.59 | 227.91 | 266.50 | OK | |
r-release-macos-arm64 | 1.16.4 | 136.00 | ERROR | |||
r-release-macos-x86_64 | 1.16.4 | 340.00 | NOTE | |||
r-release-windows-x86_64 | 1.16.4 | 65.00 | 549.00 | 614.00 | OK | |
r-oldrel-macos-arm64 | 1.16.4 | 132.00 | NOTE | |||
r-oldrel-macos-x86_64 | 1.16.4 | 325.00 | NOTE | |||
r-oldrel-windows-x86_64 | 1.16.4 | 61.00 | 681.00 | 742.00 | OK |
Version: 1.16.4
Check: compiled code
Result: NOTE
File ‘data.table/libs/data_table.so’:
Found non-API calls to R: ‘LEVELS’, ‘SETLENGTH’, ‘SET_GROWABLE_BIT’,
‘SET_TRUELENGTH’, ‘STRING_PTR’, ‘TRUELENGTH’
Compiled code should not call non-API entry points in R.
See ‘Writing portable packages’ in the ‘Writing R Extensions’ manual,
and section ‘Moving into C API compliance’ for issues with the use of
non-API entry points.
Flavors: r-devel-linux-x86_64-debian-clang, r-devel-linux-x86_64-debian-gcc, r-devel-linux-x86_64-fedora-clang, r-devel-linux-x86_64-fedora-gcc
Version: 1.16.4
Check: compiled code
Result: NOTE
File 'data.table/libs/x64/data_table.dll':
Found non-API calls to R: 'LEVELS', 'SETLENGTH', 'SET_GROWABLE_BIT',
'SET_TRUELENGTH', 'STRING_PTR', 'TRUELENGTH'
Compiled code should not call non-API entry points in R.
See 'Writing portable packages' in the 'Writing R Extensions' manual,
and section 'Moving into C API compliance' for issues with the use of
non-API entry points.
Flavor: r-devel-windows-x86_64
Version: 1.16.4
Check: installed package size
Result: NOTE
installed size is 5.6Mb
sub-directories of 1Mb or more:
libs 1.8Mb
Flavors: r-release-macos-arm64, r-release-macos-x86_64, r-oldrel-macos-arm64, r-oldrel-macos-x86_64
Version: 1.16.4
Check: re-building of vignette outputs
Result: ERROR
Error(s) in re-building vignettes:
--- re-building ‘datatable-benchmarking.Rmd’ using knitr
--- finished re-building ‘datatable-benchmarking.Rmd’
--- re-building ‘datatable-faq.Rmd’ using knitr
--- finished re-building ‘datatable-faq.Rmd’
--- re-building ‘datatable-importing.Rmd’ using knitr
--- finished re-building ‘datatable-importing.Rmd’
--- re-building ‘datatable-intro.Rmd’ using knitr
--- finished re-building ‘datatable-intro.Rmd’
--- re-building ‘datatable-keys-fast-subset.Rmd’ using knitr
--- finished re-building ‘datatable-keys-fast-subset.Rmd’
--- re-building ‘datatable-programming.Rmd’ using knitr
--- finished re-building ‘datatable-programming.Rmd’
--- re-building ‘datatable-reference-semantics.Rmd’ using knitr
--- finished re-building ‘datatable-reference-semantics.Rmd’
--- re-building ‘datatable-reshape.Rmd’ using knitr
--- finished re-building ‘datatable-reshape.Rmd’
--- re-building ‘datatable-sd-usage.Rmd’ using knitr
Warning in file(con, "w") :
cannot open file 'datatable-sd-usage.md': No space left on device
Error: processing vignette 'datatable-sd-usage.Rmd' failed with diagnostics:
cannot open the connection
--- failed re-building ‘datatable-sd-usage.Rmd’
Warning in gzfile(file, mode) :
cannot open compressed file '/var/folders/k4/0jwzxmln0nb8y6rkzprptb640000gq/T//RtmpOhnmWX/filee3525b16afaf.rds', probable reason 'No space left on device'
Error in gzfile(file, mode) : cannot open the connection
Calls: <Anonymous> -> saveRDS -> gzfile
Execution halted
Flavor: r-release-macos-arm64