Last updated on 2023-02-02 06:54:47 CET.
Flavor | Version | Tinstall | Tcheck | Ttotal | Status | Flags |
---|---|---|---|---|---|---|
r-devel-linux-x86_64-debian-clang | 1.10.0 | 4.43 | 30.49 | 34.92 | NOTE | |
r-devel-linux-x86_64-debian-gcc | 1.10.0 | 3.11 | 23.80 | 26.91 | NOTE | |
r-devel-linux-x86_64-fedora-clang | 1.10.0 | 44.36 | NOTE | |||
r-devel-linux-x86_64-fedora-gcc | 1.10.0 | 53.27 | NOTE | |||
r-devel-windows-x86_64 | 1.10.0 | 148.00 | 77.00 | 225.00 | NOTE | |
r-patched-linux-x86_64 | 1.10.0 | 4.83 | 29.11 | 33.94 | NOTE | |
r-release-linux-x86_64 | 1.10.0 | 3.03 | 30.07 | 33.10 | NOTE | |
r-release-macos-arm64 | 1.10.0 | 18.00 | NOTE | |||
r-release-macos-x86_64 | 1.10.0 | 26.00 | NOTE | |||
r-release-windows-x86_64 | 1.10.0 | 153.00 | 81.00 | 234.00 | NOTE | |
r-oldrel-macos-arm64 | 1.10.0 | 18.00 | NOTE | |||
r-oldrel-macos-x86_64 | 1.10.0 | 34.00 | NOTE | |||
r-oldrel-windows-ix86+x86_64 | 1.10.0 | 7.00 | 55.00 | 62.00 | NOTE |
Version: 1.10.0
Check: package dependencies
Result: NOTE
Package suggested but not available for checking: ‘dash’
Flavors: r-devel-linux-x86_64-debian-clang, r-devel-linux-x86_64-debian-gcc, r-devel-linux-x86_64-fedora-clang, r-devel-linux-x86_64-fedora-gcc, r-patched-linux-x86_64, r-release-linux-x86_64
Version: 1.10.0
Check: LazyData
Result: NOTE
'LazyData' is specified without a 'data' directory
Flavors: r-devel-linux-x86_64-debian-clang, r-devel-linux-x86_64-debian-gcc, r-devel-linux-x86_64-fedora-clang, r-devel-linux-x86_64-fedora-gcc, r-devel-windows-x86_64, r-patched-linux-x86_64, r-release-linux-x86_64, r-release-macos-arm64, r-release-macos-x86_64, r-release-windows-x86_64, r-oldrel-macos-arm64, r-oldrel-macos-x86_64, r-oldrel-windows-ix86+x86_64
Version: 1.10.0
Check: installed package size
Result: NOTE
installed size is 11.0Mb
sub-directories of 1Mb or more:
deps 10.6Mb
Flavors: r-devel-linux-x86_64-fedora-clang, r-devel-windows-x86_64, r-release-macos-arm64, r-release-macos-x86_64, r-release-windows-x86_64, r-oldrel-macos-arm64, r-oldrel-macos-x86_64, r-oldrel-windows-ix86+x86_64