Last updated on 2023-02-08 06:56:21 CET.
Flavor | Version | Tinstall | Tcheck | Ttotal | Status | Flags |
---|---|---|---|---|---|---|
r-devel-linux-x86_64-debian-clang | 0.2.6 | 40.95 | 270.36 | 311.31 | NOTE | |
r-devel-linux-x86_64-debian-gcc | 0.2.6 | 29.52 | 179.42 | 208.94 | NOTE | |
r-devel-linux-x86_64-fedora-clang | 0.2.6 | 385.72 | NOTE | |||
r-devel-linux-x86_64-fedora-gcc | 0.2.6 | 388.01 | NOTE | |||
r-devel-windows-x86_64 | 0.2.6 | 51.00 | 260.00 | 311.00 | NOTE | |
r-patched-linux-x86_64 | 0.2.6 | 30.71 | 255.37 | 286.08 | OK | |
r-release-linux-x86_64 | 0.2.6 | 31.32 | 250.46 | 281.78 | OK | |
r-release-macos-arm64 | 0.2.6 | 86.00 | OK | |||
r-release-macos-x86_64 | 0.2.6 | 138.00 | OK | |||
r-release-windows-x86_64 | 0.2.6 | 47.00 | 267.00 | 314.00 | OK | |
r-oldrel-macos-arm64 | 0.2.6 | 71.00 | OK | |||
r-oldrel-macos-x86_64 | 0.2.6 | 117.00 | OK | |||
r-oldrel-windows-ix86+x86_64 | 0.2.6 | 97.00 | 518.00 | 615.00 | OK |
Version: 0.2.6
Check: C++ specification
Result: NOTE
Specified C++11: please update to current default of C++17
Flavors: r-devel-linux-x86_64-debian-clang, r-devel-windows-x86_64
Version: 0.2.6
Check: C++ specification
Result: NOTE
Specified C++11: please drop specification unless essential
Flavors: r-devel-linux-x86_64-debian-gcc, r-devel-linux-x86_64-fedora-clang, r-devel-linux-x86_64-fedora-gcc