CRAN Package Check Results for Package damr

Last updated on 2024-07-14 06:54:20 CEST.

Flavor Version Tinstall Tcheck Ttotal Status Flags
r-devel-linux-x86_64-debian-clang 0.3.7 3.79 45.86 49.65 OK
r-devel-linux-x86_64-debian-gcc 0.3.7 2.47 50.22 52.69 OK
r-devel-linux-x86_64-fedora-clang 0.3.7 68.47 OK
r-devel-linux-x86_64-fedora-gcc 0.3.7 62.13 OK
r-devel-windows-x86_64 0.3.7 6.00 55.00 61.00 NOTE
r-patched-linux-x86_64 0.3.7 8.40 53.59 61.99 OK
r-release-linux-x86_64 0.3.7 2.13 51.64 53.77 OK
r-release-macos-arm64 0.3.7 22.00 OK
r-release-macos-x86_64 0.3.7 34.00 OK
r-release-windows-x86_64 0.3.7 5.00 54.00 59.00 OK
r-oldrel-macos-arm64 0.3.7 26.00 OK
r-oldrel-macos-x86_64 0.3.7 34.00 OK
r-oldrel-windows-x86_64 0.3.7 6.00 60.00 66.00 OK

Check Details

Version: 0.3.7
Check: Rd cross-references
Result: NOTE Found the following Rd file(s) with Rd \link{} targets missing package anchors: link_dam_metadata.Rd: data.table read_dam_file.Rd: behavr Please provide package anchors for all Rd \link{} targets not in the package itself and the base packages. Flavor: r-devel-windows-x86_64