Last updated on 2023-12-09 07:49:29 CET.
Flavor | Version | Tinstall | Tcheck | Ttotal | Status | Flags |
---|---|---|---|---|---|---|
r-devel-linux-x86_64-debian-clang | 2.1 | 22.85 | 35.26 | 58.11 | NOTE | |
r-devel-linux-x86_64-debian-gcc | 2.1 | 14.25 | 26.86 | 41.11 | NOTE | |
r-devel-linux-x86_64-fedora-clang | 2.1 | 82.20 | OK | |||
r-devel-linux-x86_64-fedora-gcc | 2.1 | 75.09 | OK | |||
r-devel-windows-x86_64 | 2.1 | 19.00 | 67.00 | 86.00 | OK | |
r-patched-linux-x86_64 | 2.1 | 18.12 | 34.89 | 53.01 | OK | |
r-release-linux-x86_64 | 2.1 | 15.45 | 34.31 | 49.76 | OK | |
r-release-macos-arm64 | 2.1 | 26.00 | OK | |||
r-release-macos-x86_64 | 2.1 | 38.00 | OK | |||
r-release-windows-x86_64 | 2.1 | 23.00 | 72.00 | 95.00 | OK | |
r-oldrel-macos-arm64 | 2.1 | 24.00 | OK | |||
r-oldrel-macos-x86_64 | 2.1 | 31.00 | OK | |||
r-oldrel-windows-x86_64 | 2.1 | 26.00 | 78.00 | 104.00 | OK |
Version: 2.1
Check: Rd files
Result: NOTE
checkRd: (-1) dHSIC-package.Rd:32: Lost braces
32 | Gretton, A., K. Fukumizu, C. H. Teo, L. Song, B. Sch{\"o}lkopf and
| ^
checkRd: (-1) dHSIC-package.Rd:36: Lost braces
36 | Pfister, N., P. B{\"u}hlmann, B. Sch{\"o}lkopf and J. Peters (2017).
| ^
checkRd: (-1) dHSIC-package.Rd:36: Lost braces
36 | Pfister, N., P. B{\"u}hlmann, B. Sch{\"o}lkopf and J. Peters (2017).
| ^
checkRd: (-1) dhsic.Rd:84: Lost braces
84 | Gretton, A., K. Fukumizu, C. H. Teo, L. Song, B. Sch{\"o}lkopf and
| ^
checkRd: (-1) dhsic.Rd:88: Lost braces
88 | Pfister, N., P. B{\"u}hlmann, B. Sch{\"o}lkopf and J. Peters (2017).
| ^
checkRd: (-1) dhsic.Rd:88: Lost braces
88 | Pfister, N., P. B{\"u}hlmann, B. Sch{\"o}lkopf and J. Peters (2017).
| ^
checkRd: (-1) dhsic.test.Rd:124: Lost braces
124 | Gretton, A., K. Fukumizu, C. H. Teo, L. Song, B. Sch{\"o}lkopf and
| ^
checkRd: (-1) dhsic.test.Rd:128: Lost braces
128 | Pfister, N., P. B{\"u}hlmann, B. Sch{\"o}lkopf and J. Peters (2017).
| ^
checkRd: (-1) dhsic.test.Rd:128: Lost braces
128 | Pfister, N., P. B{\"u}hlmann, B. Sch{\"o}lkopf and J. Peters (2017).
| ^
Flavors: r-devel-linux-x86_64-debian-clang, r-devel-linux-x86_64-debian-gcc