Last updated on 2023-02-02 06:54:47 CET.
Flavor | Version | Tinstall | Tcheck | Ttotal | Status | Flags |
---|---|---|---|---|---|---|
r-devel-linux-x86_64-debian-clang | 0.2.2 | 6.41 | 45.52 | 51.93 | OK | |
r-devel-linux-x86_64-debian-gcc | 0.2.2 | 4.47 | 34.95 | 39.42 | OK | |
r-devel-linux-x86_64-fedora-clang | 0.2.2 | 72.27 | NOTE | |||
r-devel-linux-x86_64-fedora-gcc | 0.2.2 | 64.03 | NOTE | |||
r-devel-windows-x86_64 | 0.2.2 | 27.00 | 77.00 | 104.00 | OK | |
r-patched-linux-x86_64 | 0.2.2 | 5.84 | 45.80 | 51.64 | OK | |
r-release-linux-x86_64 | 0.2.2 | 4.07 | 50.26 | 54.33 | OK | |
r-release-macos-arm64 | 0.2.2 | 22.00 | NOTE | |||
r-release-macos-x86_64 | 0.2.2 | 44.00 | NOTE | |||
r-release-windows-x86_64 | 0.2.2 | 21.00 | 81.00 | 102.00 | OK | |
r-oldrel-macos-arm64 | 0.2.2 | 28.00 | NOTE | |||
r-oldrel-macos-x86_64 | 0.2.2 | 41.00 | NOTE | |||
r-oldrel-windows-ix86+x86_64 | 0.2.2 | 14.00 | 70.00 | 84.00 | OK |
Version: 0.2.2
Check: dependencies in R code
Result: NOTE
Namespace in Imports field not imported from: ‘magrittr’
All declared Imports should be used.
Flavors: r-devel-linux-x86_64-fedora-clang, r-devel-linux-x86_64-fedora-gcc, r-release-macos-arm64, r-release-macos-x86_64, r-oldrel-macos-arm64, r-oldrel-macos-x86_64