Last updated on 2023-01-29 07:55:59 CET.
Flavor | Version | Tinstall | Tcheck | Ttotal | Status | Flags |
---|---|---|---|---|---|---|
r-devel-linux-x86_64-debian-clang | 0.1.0 | 5.20 | 87.32 | 92.52 | NOTE | |
r-devel-linux-x86_64-debian-gcc | 0.1.0 | 4.17 | 63.26 | 67.43 | NOTE | |
r-devel-linux-x86_64-fedora-clang | 0.1.0 | 109.82 | NOTE | |||
r-devel-linux-x86_64-fedora-gcc | 0.1.0 | 114.18 | NOTE | |||
r-devel-windows-x86_64 | 0.1.0 | 16.00 | 115.00 | 131.00 | NOTE | |
r-patched-linux-x86_64 | 0.1.0 | 7.12 | 83.46 | 90.58 | NOTE | |
r-release-linux-x86_64 | 0.1.0 | 3.78 | 84.75 | 88.53 | NOTE | |
r-release-macos-arm64 | 0.1.0 | 30.00 | NOTE | |||
r-release-macos-x86_64 | 0.1.0 | 58.00 | NOTE | |||
r-release-windows-x86_64 | 0.1.0 | 11.00 | 113.00 | 124.00 | NOTE | |
r-oldrel-macos-arm64 | 0.1.0 | 46.00 | NOTE | |||
r-oldrel-macos-x86_64 | 0.1.0 | 63.00 | NOTE | |||
r-oldrel-windows-ix86+x86_64 | 0.1.0 | 14.00 | 117.00 | 131.00 | NOTE |
Version: 0.1.0
Check: LazyData
Result: NOTE
'LazyData' is specified without a 'data' directory
Flavors: r-devel-linux-x86_64-debian-clang, r-devel-linux-x86_64-debian-gcc, r-devel-linux-x86_64-fedora-clang, r-devel-linux-x86_64-fedora-gcc, r-devel-windows-x86_64, r-patched-linux-x86_64, r-release-linux-x86_64, r-release-macos-arm64, r-release-macos-x86_64, r-release-windows-x86_64, r-oldrel-macos-arm64, r-oldrel-macos-x86_64, r-oldrel-windows-ix86+x86_64