CRAN Package Check Results for Package cyclocomp

Last updated on 2023-01-29 07:55:59 CET.

Flavor Version Tinstall Tcheck Ttotal Status Flags
r-devel-linux-x86_64-debian-clang 1.1.0 2.66 33.84 36.50 NOTE
r-devel-linux-x86_64-debian-gcc 1.1.0 2.50 26.30 28.80 NOTE
r-devel-linux-x86_64-fedora-clang 1.1.0 45.70 NOTE
r-devel-linux-x86_64-fedora-gcc 1.1.0 45.36 NOTE
r-devel-windows-x86_64 1.1.0 21.00 70.00 91.00 NOTE
r-patched-linux-x86_64 1.1.0 2.74 33.96 36.70 NOTE
r-release-linux-x86_64 1.1.0 2.16 34.03 36.19 NOTE
r-release-macos-arm64 1.1.0 20.00 NOTE
r-release-macos-x86_64 1.1.0 26.00 NOTE
r-release-windows-x86_64 1.1.0 12.00 77.00 89.00 NOTE
r-oldrel-macos-arm64 1.1.0 25.00 NOTE
r-oldrel-macos-x86_64 1.1.0 35.00 NOTE
r-oldrel-windows-ix86+x86_64 1.1.0 8.00 63.00 71.00 NOTE

Check Details

Version: 1.1.0
Check: LazyData
Result: NOTE
     'LazyData' is specified without a 'data' directory
Flavors: r-devel-linux-x86_64-debian-clang, r-devel-linux-x86_64-debian-gcc, r-devel-linux-x86_64-fedora-clang, r-devel-linux-x86_64-fedora-gcc, r-devel-windows-x86_64, r-patched-linux-x86_64, r-release-linux-x86_64, r-release-macos-arm64, r-release-macos-x86_64, r-release-windows-x86_64, r-oldrel-macos-arm64, r-oldrel-macos-x86_64, r-oldrel-windows-ix86+x86_64