Last updated on 2023-12-06 07:50:11 CET.
Flavor | Version | Tinstall | Tcheck | Ttotal | Status | Flags |
---|---|---|---|---|---|---|
r-devel-linux-x86_64-debian-clang | 1.6.0 | 22.14 | 513.73 | 535.87 | NOTE | |
r-devel-linux-x86_64-debian-gcc | 1.6.0 | 14.70 | 390.42 | 405.12 | NOTE | |
r-devel-linux-x86_64-fedora-clang | 1.6.0 | 647.07 | OK | |||
r-devel-linux-x86_64-fedora-gcc | 1.6.0 | 682.42 | OK | |||
r-devel-windows-x86_64 | 1.6.0 | 18.00 | 369.00 | 387.00 | OK | |
r-patched-linux-x86_64 | 1.6.0 | 16.56 | 499.08 | 515.64 | OK | |
r-release-linux-x86_64 | 1.6.0 | 13.27 | 487.99 | 501.26 | OK | |
r-release-macos-arm64 | 1.6.0 | 170.00 | OK | |||
r-release-macos-x86_64 | 1.6.0 | 449.00 | NOTE | |||
r-release-windows-x86_64 | 1.6.0 | 23.00 | 492.00 | 515.00 | OK | |
r-oldrel-macos-arm64 | 1.6.0 | 187.00 | OK | |||
r-oldrel-macos-x86_64 | 1.6.0 | 239.00 | OK | |||
r-oldrel-windows-x86_64 | 1.6.0 | 24.00 | 473.00 | 497.00 | OK |
Version: 1.6.0
Check: Rd files
Result: NOTE
checkRd: (-1) render_toc.Rd:49: Lost braces; missing escapes or markup?
49 | ```{r echo=FALSE}
| ^
Flavors: r-devel-linux-x86_64-debian-clang, r-devel-linux-x86_64-debian-gcc
Version: 1.6.0
Check: installed package size
Result: NOTE
installed size is 5.8Mb
sub-directories of 1Mb or more:
data 2.1Mb
doc 2.4Mb
Flavor: r-release-macos-x86_64