CRAN Package Check Results for Package cutoff

Last updated on 2023-01-27 07:50:30 CET.

Flavor Version Tinstall Tcheck Ttotal Status Flags
r-devel-linux-x86_64-debian-clang 1.3 3.02 33.25 36.27 NOTE
r-devel-linux-x86_64-debian-gcc 1.3 2.35 25.03 27.38 NOTE
r-devel-linux-x86_64-fedora-clang 1.3 44.67 NOTE
r-devel-linux-x86_64-fedora-gcc 1.3 43.24 NOTE
r-devel-windows-x86_64 1.3 14.00 62.00 76.00 NOTE
r-patched-linux-x86_64 1.3 3.00 32.73 35.73 NOTE
r-release-linux-x86_64 1.3 2.37 33.13 35.50 NOTE
r-release-macos-arm64 1.3 21.00 NOTE
r-release-macos-x86_64 1.3 29.00 NOTE
r-release-windows-x86_64 1.3 6.00 60.00 66.00 NOTE
r-oldrel-macos-arm64 1.3 24.00 NOTE
r-oldrel-macos-x86_64 1.3 33.00 NOTE
r-oldrel-windows-ix86+x86_64 1.3 7.00 60.00 67.00 NOTE

Check Details

Version: 1.3
Check: LazyData
Result: NOTE
     'LazyData' is specified without a 'data' directory
Flavors: r-devel-linux-x86_64-debian-clang, r-devel-linux-x86_64-debian-gcc, r-devel-linux-x86_64-fedora-clang, r-devel-linux-x86_64-fedora-gcc, r-devel-windows-x86_64, r-patched-linux-x86_64, r-release-linux-x86_64, r-release-macos-arm64, r-release-macos-x86_64, r-release-windows-x86_64, r-oldrel-macos-arm64, r-oldrel-macos-x86_64, r-oldrel-windows-ix86+x86_64