Last updated on 2025-01-24 06:50:37 CET.
Flavor | Version | Tinstall | Tcheck | Ttotal | Status | Flags |
---|---|---|---|---|---|---|
r-devel-linux-x86_64-debian-clang | 1.0.2 | 3.54 | 41.73 | 45.27 | OK | |
r-devel-linux-x86_64-debian-gcc | 1.0.2 | 2.89 | 28.99 | 31.88 | OK | |
r-devel-linux-x86_64-fedora-clang | 1.0.2 | 76.84 | NOTE | |||
r-devel-linux-x86_64-fedora-gcc | 1.0.2 | 84.37 | NOTE | |||
r-devel-windows-x86_64 | 1.0.2 | 6.00 | 62.00 | 68.00 | OK | |
r-patched-linux-x86_64 | 1.0.2 | 3.97 | 39.08 | 43.05 | OK | |
r-release-linux-x86_64 | 1.0.2 | 3.56 | 39.67 | 43.23 | OK | |
r-release-macos-arm64 | 1.0.2 | 27.00 | OK | |||
r-release-macos-x86_64 | 1.0.2 | 45.00 | OK | |||
r-release-windows-x86_64 | 1.0.2 | 5.00 | 62.00 | 67.00 | OK | |
r-oldrel-macos-arm64 | 1.0.2 | 35.00 | OK | |||
r-oldrel-macos-x86_64 | 1.0.2 | 47.00 | OK | |||
r-oldrel-windows-x86_64 | 1.0.2 | 7.00 | 67.00 | 74.00 | OK |
Version: 1.0.2
Check: dependencies in R code
Result: NOTE
Namespace in Imports field not imported from: ‘pspearman’
All declared Imports should be used.
Flavors: r-devel-linux-x86_64-fedora-clang, r-devel-linux-x86_64-fedora-gcc