CRAN Package Check Results for Package ctrialsgov

Last updated on 2023-01-28 07:14:51 CET.

Flavor Version Tinstall Tcheck Ttotal Status Flags
r-devel-linux-x86_64-debian-clang 0.2.5 15.05 123.12 138.17 OK
r-devel-linux-x86_64-debian-gcc 0.2.5 12.01 95.48 107.49 OK
r-devel-linux-x86_64-fedora-clang 0.2.5 169.53 NOTE
r-devel-linux-x86_64-fedora-gcc 0.2.5 176.41 NOTE
r-devel-windows-x86_64 0.2.5 37.00 150.00 187.00 OK
r-patched-linux-x86_64 0.2.5 14.17 120.93 135.10 OK
r-release-linux-x86_64 0.2.5 14.49 117.04 131.53 OK
r-release-macos-arm64 0.2.5 64.00 NOTE
r-release-macos-x86_64 0.2.5 87.00 NOTE
r-release-windows-x86_64 0.2.5 36.00 161.00 197.00 OK
r-oldrel-macos-arm64 0.2.5 65.00 NOTE
r-oldrel-macos-x86_64 0.2.5 70.00 NOTE
r-oldrel-windows-ix86+x86_64 0.2.5 29.00 152.00 181.00 OK

Check Details

Version: 0.2.5
Check: data for non-ASCII characters
Result: NOTE
     Note: found 1350 marked UTF-8 strings
Flavors: r-devel-linux-x86_64-fedora-clang, r-devel-linux-x86_64-fedora-gcc, r-release-macos-arm64, r-release-macos-x86_64, r-oldrel-macos-arm64, r-oldrel-macos-x86_64