Last updated on 2023-02-06 06:51:51 CET.
Flavor | Version | Tinstall | Tcheck | Ttotal | Status | Flags |
---|---|---|---|---|---|---|
r-devel-linux-x86_64-debian-clang | 2.0 | 22.71 | 28.96 | 51.67 | NOTE | |
r-devel-linux-x86_64-debian-gcc | 2.0 | 18.79 | 22.16 | 40.95 | NOTE | |
r-devel-linux-x86_64-fedora-clang | 2.0 | 74.32 | NOTE | |||
r-devel-linux-x86_64-fedora-gcc | 2.0 | 66.44 | NOTE | |||
r-devel-windows-x86_64 | 2.0 | 29.00 | 75.00 | 104.00 | NOTE | |
r-patched-linux-x86_64 | 2.0 | 22.53 | 28.82 | 51.35 | OK | |
r-release-linux-x86_64 | 2.0 | 20.38 | 28.95 | 49.33 | OK | |
r-release-macos-arm64 | 2.0 | 23.00 | OK | |||
r-release-macos-x86_64 | 2.0 | 32.00 | OK | |||
r-release-windows-x86_64 | 2.0 | 30.00 | 81.00 | 111.00 | OK | |
r-oldrel-macos-arm64 | 2.0 | 29.00 | OK | |||
r-oldrel-macos-x86_64 | 2.0 | 32.00 | OK | |||
r-oldrel-windows-ix86+x86_64 | 2.0 | 62.00 | 81.00 | 143.00 | OK |
Version: 2.0
Check: C++ specification
Result: NOTE
Specified C++11: please update to current default of C++17
Flavors: r-devel-linux-x86_64-debian-clang, r-devel-linux-x86_64-debian-gcc, r-devel-linux-x86_64-fedora-clang, r-devel-linux-x86_64-fedora-gcc, r-devel-windows-x86_64