Last updated on 2025-01-19 07:49:57 CET.
Flavor | Version | Tinstall | Tcheck | Ttotal | Status | Flags |
---|---|---|---|---|---|---|
r-devel-linux-x86_64-debian-clang | 1.0.3 | 16.09 | 463.84 | 479.93 | OK | |
r-devel-linux-x86_64-debian-gcc | 1.0.3 | 10.72 | 306.85 | 317.57 | OK | |
r-devel-linux-x86_64-fedora-clang | 1.0.3 | 809.48 | OK | |||
r-devel-linux-x86_64-fedora-gcc | 1.0.3 | 771.17 | OK | |||
r-devel-windows-x86_64 | 1.0.3 | 17.00 | 362.00 | 379.00 | OK | |
r-patched-linux-x86_64 | 1.0.3 | 14.84 | 420.13 | 434.97 | OK | |
r-release-linux-x86_64 | 1.0.3 | 14.65 | 418.75 | 433.40 | OK | |
r-release-macos-arm64 | 1.0.3 | 148.00 | NOTE | |||
r-release-macos-x86_64 | 1.0.3 | 244.00 | NOTE | |||
r-release-windows-x86_64 | 1.0.3 | 18.00 | 354.00 | 372.00 | NOTE | |
r-oldrel-macos-arm64 | 1.0.3 | 128.00 | NOTE | |||
r-oldrel-macos-x86_64 | 1.0.3 | 186.00 | NOTE | |||
r-oldrel-windows-x86_64 | 1.0.3 | 23.00 | 433.00 | 456.00 | NOTE |
Version: 1.0.3
Check: installed package size
Result: NOTE
installed size is 8.1Mb
sub-directories of 1Mb or more:
doc 7.9Mb
Flavors: r-release-macos-arm64, r-release-macos-x86_64, r-release-windows-x86_64, r-oldrel-macos-arm64, r-oldrel-macos-x86_64, r-oldrel-windows-x86_64