CRAN Package Check Results for Package crqa

Last updated on 2023-02-07 07:53:56 CET.

Flavor Version Tinstall Tcheck Ttotal Status Flags
r-devel-linux-x86_64-debian-clang 2.0.3 13.72 212.69 226.41 NOTE
r-devel-linux-x86_64-debian-gcc 2.0.3 9.63 133.71 143.34 NOTE
r-devel-linux-x86_64-fedora-clang 2.0.3 259.52 NOTE
r-devel-linux-x86_64-fedora-gcc 2.0.3 261.26 NOTE
r-devel-windows-x86_64 2.0.3 30.00 244.00 274.00 NOTE
r-patched-linux-x86_64 2.0.3 11.46 187.23 198.69 OK
r-release-linux-x86_64 2.0.3 12.02 188.29 200.31 OK
r-release-macos-arm64 2.0.3 105.00 OK
r-release-macos-x86_64 2.0.3 174.00 OK
r-release-windows-x86_64 2.0.3 30.00 258.00 288.00 OK
r-oldrel-macos-arm64 2.0.3 102.00 OK
r-oldrel-macos-x86_64 2.0.3 141.00 OK
r-oldrel-windows-ix86+x86_64 2.0.3 26.00 289.00 315.00 OK

Check Details

Version: 2.0.3
Check: package subdirectories
Result: NOTE
    Problems with news in ‘NEWS.md’:
     Cannot extract version info from the following section titles:
     Major features
     Minor features
Flavors: r-devel-linux-x86_64-debian-clang, r-devel-linux-x86_64-debian-gcc, r-devel-linux-x86_64-fedora-clang, r-devel-linux-x86_64-fedora-gcc, r-devel-windows-x86_64

Version: 2.0.3
Check: Rd files
Result: NOTE
    checkRd: (-1) handmovement.Rd:9: Escaped LaTeX specials: \_ \_
Flavors: r-devel-linux-x86_64-debian-clang, r-devel-linux-x86_64-debian-gcc, r-devel-linux-x86_64-fedora-clang, r-devel-linux-x86_64-fedora-gcc, r-devel-windows-x86_64