Last updated on 2023-01-28 07:14:51 CET.
Flavor | Version | Tinstall | Tcheck | Ttotal | Status | Flags |
---|---|---|---|---|---|---|
r-devel-linux-x86_64-debian-clang | 1.3.1 | 31.24 | 660.27 | 691.51 | NOTE | |
r-devel-linux-x86_64-debian-gcc | 1.3.1 | 28.49 | 393.23 | 421.72 | NOTE | |
r-devel-linux-x86_64-fedora-clang | 1.3.1 | 705.62 | NOTE | |||
r-devel-linux-x86_64-fedora-gcc | 1.3.1 | 591.44 | NOTE | |||
r-devel-windows-x86_64 | 1.3.1 | 164.00 | 501.00 | 665.00 | NOTE | |
r-patched-linux-x86_64 | 1.3.1 | 35.91 | 496.20 | 532.11 | OK | |
r-release-linux-x86_64 | 1.3.1 | 30.90 | 482.09 | 512.99 | OK | |
r-release-macos-arm64 | 1.3.1 | 132.00 | OK | |||
r-release-macos-x86_64 | 1.3.1 | 234.00 | OK | |||
r-release-windows-x86_64 | 1.3.1 | 132.00 | 516.00 | 648.00 | OK | |
r-oldrel-macos-arm64 | 1.3.1 | 140.00 | OK | |||
r-oldrel-macos-x86_64 | 1.3.1 | 245.00 | OK | |||
r-oldrel-windows-ix86+x86_64 | 1.3.1 | 58.00 | 486.00 | 544.00 | OK |
Version: 1.3.1
Check: package subdirectories
Result: NOTE
Problems with news in ‘NEWS.md’:
No news entries found.
Flavors: r-devel-linux-x86_64-debian-clang, r-devel-linux-x86_64-debian-gcc, r-devel-linux-x86_64-fedora-clang, r-devel-linux-x86_64-fedora-gcc, r-devel-windows-x86_64