CRAN Package Check Results for Package cpm

Last updated on 2024-06-16 06:58:43 CEST.

Flavor Version Tinstall Tcheck Ttotal Status Flags
r-devel-linux-x86_64-debian-clang 2.3 37.76 32.83 70.59 OK
r-devel-linux-x86_64-debian-gcc 2.3 108.35 25.45 133.80 OK
r-devel-linux-x86_64-fedora-clang 2.3 128.47 NOTE
r-devel-linux-x86_64-fedora-gcc 2.3 261.14 NOTE
r-devel-windows-x86_64 2.3 73.00 53.00 126.00 OK
r-patched-linux-x86_64 2.3 120.80 32.59 153.39 OK
r-release-linux-x86_64 2.3 126.20 32.16 158.36 OK
r-release-macos-arm64 2.3 30.00 OK
r-release-macos-x86_64 2.3 48.00 OK
r-release-windows-x86_64 2.3 75.00 58.00 133.00 OK
r-oldrel-macos-arm64 2.3 34.00 OK
r-oldrel-macos-x86_64 2.3 63.00 OK
r-oldrel-windows-x86_64 2.3 71.00 60.00 131.00 OK

Check Details

Version: 2.3
Check: compiled code
Result: NOTE File ‘cpm/libs/cpm.so’: Found no calls to: ‘R_registerRoutines’, ‘R_useDynamicSymbols’ It is good practice to register native routines and to disable symbol search. See ‘Writing portable packages’ in the ‘Writing R Extensions’ manual. Flavors: r-devel-linux-x86_64-fedora-clang, r-devel-linux-x86_64-fedora-gcc