Last updated on 2025-04-24 07:50:03 CEST.
Flavor | Version | Tinstall | Tcheck | Ttotal | Status | Flags |
---|---|---|---|---|---|---|
r-devel-linux-x86_64-debian-clang | 2.3 | 28.83 | 26.06 | 54.89 | OK | |
r-devel-linux-x86_64-debian-gcc | 2.3 | 60.24 | 20.38 | 80.62 | OK | |
r-devel-linux-x86_64-fedora-clang | 2.3 | 124.58 | NOTE | |||
r-devel-linux-x86_64-fedora-gcc | 2.3 | 235.64 | NOTE | |||
r-devel-windows-x86_64 | 2.3 | 74.00 | 55.00 | 129.00 | OK | |
r-patched-linux-x86_64 | 2.3 | 111.78 | 25.18 | 136.96 | OK | |
r-release-linux-x86_64 | 2.3 | 101.30 | 25.90 | 127.20 | OK | |
r-release-macos-arm64 | 2.3 | 33.00 | OK | |||
r-release-macos-x86_64 | 2.3 | 52.00 | OK | |||
r-release-windows-x86_64 | 2.3 | 78.00 | 62.00 | 140.00 | OK | |
r-oldrel-macos-arm64 | 2.3 | 30.00 | OK | |||
r-oldrel-macos-x86_64 | 2.3 | 48.00 | OK | |||
r-oldrel-windows-x86_64 | 2.3 | 75.00 | 58.00 | 133.00 | OK |
Version: 2.3
Check: compiled code
Result: NOTE
File ‘cpm/libs/cpm.so’:
Found no calls to: ‘R_registerRoutines’, ‘R_useDynamicSymbols’
It is good practice to register native routines and to disable symbol
search.
See ‘Writing portable packages’ in the ‘Writing R Extensions’ manual.
Flavors: r-devel-linux-x86_64-fedora-clang, r-devel-linux-x86_64-fedora-gcc