Last updated on 2023-02-07 07:53:56 CET.
Flavor | Version | Tinstall | Tcheck | Ttotal | Status | Flags |
---|---|---|---|---|---|---|
r-devel-linux-x86_64-debian-clang | 1.0.3 | 47.25 | 185.06 | 232.31 | NOTE | |
r-devel-linux-x86_64-debian-gcc | 1.0.3 | 33.23 | 134.68 | 167.91 | NOTE | |
r-devel-linux-x86_64-fedora-clang | 1.0.3 | 290.64 | NOTE | |||
r-devel-linux-x86_64-fedora-gcc | 1.0.3 | 301.26 | NOTE | |||
r-devel-windows-x86_64 | 1.0.3 | 42.00 | 225.00 | 267.00 | NOTE | |
r-patched-linux-x86_64 | 1.0.3 | 39.49 | 171.91 | 211.40 | NOTE | |
r-release-linux-x86_64 | 1.0.3 | 44.75 | 174.37 | 219.12 | NOTE | |
r-release-macos-arm64 | 1.0.3 | 81.00 | NOTE | |||
r-release-macos-x86_64 | 1.0.3 | 147.00 | NOTE | |||
r-release-windows-x86_64 | 1.0.3 | 44.00 | 243.00 | 287.00 | NOTE | |
r-oldrel-macos-arm64 | 1.0.3 | 100.00 | NOTE | |||
r-oldrel-macos-x86_64 | 1.0.3 | 148.00 | NOTE | |||
r-oldrel-windows-ix86+x86_64 | 1.0.3 | 106.00 | 276.00 | 382.00 | NOTE |
Version: 1.0.3
Check: C++ specification
Result: NOTE
Specified C++11: please update to current default of C++17
Flavors: r-devel-linux-x86_64-debian-clang, r-devel-linux-x86_64-debian-gcc, r-devel-linux-x86_64-fedora-clang, r-devel-linux-x86_64-fedora-gcc, r-devel-windows-x86_64
Version: 1.0.3
Check: LazyData
Result: NOTE
'LazyData' is specified without a 'data' directory
Flavors: r-devel-linux-x86_64-debian-clang, r-devel-linux-x86_64-debian-gcc, r-devel-linux-x86_64-fedora-clang, r-devel-linux-x86_64-fedora-gcc, r-devel-windows-x86_64, r-patched-linux-x86_64, r-release-linux-x86_64, r-release-macos-arm64, r-release-macos-x86_64, r-release-windows-x86_64, r-oldrel-macos-arm64, r-oldrel-macos-x86_64, r-oldrel-windows-ix86+x86_64