Last updated on 2023-11-30 07:52:31 CET.
Flavor | Version | Tinstall | Tcheck | Ttotal | Status | Flags |
---|---|---|---|---|---|---|
r-devel-linux-x86_64-debian-clang | 4.0.2 | 12.71 | 92.24 | 104.95 | NOTE | |
r-devel-linux-x86_64-debian-gcc | 4.0.3 | 9.71 | 69.29 | 79.00 | OK | |
r-devel-linux-x86_64-fedora-clang | 4.0.3 | 137.79 | NOTE | |||
r-devel-linux-x86_64-fedora-gcc | 4.0.3 | 147.84 | OK | |||
r-devel-windows-x86_64 | 4.0.3 | 18.00 | 98.00 | 116.00 | OK | |
r-patched-linux-x86_64 | 4.0.3 | 13.15 | 88.67 | 101.82 | OK | |
r-release-linux-x86_64 | 4.0.2 | 12.09 | 88.96 | 101.05 | OK | |
r-release-macos-arm64 | 4.0.3 | 54.00 | OK | |||
r-release-macos-x86_64 | 4.0.2 | 77.00 | OK | |||
r-release-windows-x86_64 | 4.0.3 | 19.00 | 112.00 | 131.00 | OK | |
r-oldrel-macos-arm64 | 4.0.3 | 48.00 | OK | |||
r-oldrel-macos-x86_64 | 4.0.2 | 56.00 | OK | |||
r-oldrel-windows-x86_64 | 4.0.3 | 17.00 | 117.00 | 134.00 | OK |
Version: 4.0.2
Check: Rd files
Result: NOTE
checkRd: (-1) coxphw-package.Rd:65: Lost braces
65 | {Maintainer: \email{daniela.dunkler@meduniwien.ac.at}} }
| ^
Flavor: r-devel-linux-x86_64-debian-clang
Version: 4.0.3
Check: installed package size
Result: NOTE
installed size is 7.0Mb
sub-directories of 1Mb or more:
libs 6.4Mb
Flavor: r-devel-linux-x86_64-fedora-clang