CRAN Package Check Results for Package cowsay

Last updated on 2023-01-31 07:54:07 CET.

Flavor Version Tinstall Tcheck Ttotal Status Flags
r-devel-linux-x86_64-debian-clang 0.8.0 1.67 26.48 28.15 NOTE
r-devel-linux-x86_64-debian-gcc 0.8.0 1.84 20.81 22.65 NOTE
r-devel-linux-x86_64-fedora-clang 0.8.0 37.54 NOTE
r-devel-linux-x86_64-fedora-gcc 0.8.0 48.64 NOTE
r-devel-windows-x86_64 0.8.0 4.00 61.00 65.00 NOTE
r-patched-linux-x86_64 0.8.0 2.17 25.76 27.93 NOTE
r-release-linux-x86_64 0.8.0 1.77 26.81 28.58 NOTE
r-release-macos-arm64 0.8.0 17.00 NOTE
r-release-macos-x86_64 0.8.0 24.00 NOTE
r-release-windows-x86_64 0.8.0 17.00 66.00 83.00 NOTE
r-oldrel-macos-arm64 0.8.0 20.00 NOTE
r-oldrel-macos-x86_64 0.8.0 30.00 NOTE
r-oldrel-windows-ix86+x86_64 0.8.0 6.00 54.00 60.00 NOTE

Check Details

Version: 0.8.0
Check: LazyData
Result: NOTE
     'LazyData' is specified without a 'data' directory
Flavors: r-devel-linux-x86_64-debian-clang, r-devel-linux-x86_64-debian-gcc, r-devel-linux-x86_64-fedora-clang, r-devel-linux-x86_64-fedora-gcc, r-devel-windows-x86_64, r-patched-linux-x86_64, r-release-linux-x86_64, r-release-macos-arm64, r-release-macos-x86_64, r-release-windows-x86_64, r-oldrel-macos-arm64, r-oldrel-macos-x86_64, r-oldrel-windows-ix86+x86_64