Last updated on 2023-01-29 07:55:59 CET.
Flavor | Version | Tinstall | Tcheck | Ttotal | Status | Flags |
---|---|---|---|---|---|---|
r-devel-linux-x86_64-debian-clang | 0.1.4 | 18.24 | 125.88 | 144.12 | OK | |
r-devel-linux-x86_64-debian-gcc | 0.1.4 | 13.31 | 93.09 | 106.40 | OK | |
r-devel-linux-x86_64-fedora-clang | 0.1.4 | 178.53 | NOTE | |||
r-devel-linux-x86_64-fedora-gcc | 0.1.4 | 173.91 | NOTE | |||
r-devel-windows-x86_64 | 0.1.4 | 45.00 | 158.00 | 203.00 | OK | |
r-patched-linux-x86_64 | 0.1.4 | 12.30 | 122.56 | 134.86 | OK | |
r-release-linux-x86_64 | 0.1.4 | 11.51 | 122.87 | 134.38 | OK | |
r-release-macos-arm64 | 0.1.4 | 49.00 | NOTE | |||
r-release-macos-x86_64 | 0.1.4 | 88.00 | NOTE | |||
r-release-windows-x86_64 | 0.1.4 | 38.00 | 148.00 | 186.00 | OK | |
r-oldrel-macos-arm64 | 0.1.4 | 50.00 | NOTE | |||
r-oldrel-macos-x86_64 | 0.1.4 | 63.00 | NOTE | |||
r-oldrel-windows-ix86+x86_64 | 0.1.4 | 36.00 | 150.00 | 186.00 | OK |
Version: 0.1.4
Check: dependencies in R code
Result: NOTE
Namespaces in Imports field not imported from:
‘httr’ ‘stringr’
All declared Imports should be used.
Flavors: r-devel-linux-x86_64-fedora-clang, r-devel-linux-x86_64-fedora-gcc, r-release-macos-arm64, r-release-macos-x86_64, r-oldrel-macos-arm64, r-oldrel-macos-x86_64