CRAN Package Check Results for Package coveffectsplot

Last updated on 2022-12-09 07:53:16 CET.

Flavor Version Tinstall Tcheck Ttotal Status Flags
r-devel-linux-x86_64-debian-clang 1.0.2 3.80 322.26 326.06 OK
r-devel-linux-x86_64-debian-gcc 1.0.2 2.81 223.12 225.93 OK
r-devel-linux-x86_64-fedora-clang 1.0.2 392.55 NOTE
r-devel-linux-x86_64-fedora-gcc 1.0.2 400.92 NOTE
r-devel-windows-x86_64 1.0.2 30.00 359.00 389.00 OK
r-patched-linux-x86_64 1.0.2 2.77 283.16 285.93 OK
r-release-linux-x86_64 1.0.2 3.54 272.07 275.61 OK
r-release-macos-arm64 1.0.2 113.00 NOTE
r-release-macos-x86_64 1.0.2 157.00 NOTE
r-release-windows-x86_64 1.0.2 25.00 339.00 364.00 OK
r-oldrel-macos-arm64 1.0.2 102.00 NOTE
r-oldrel-macos-x86_64 1.0.2 167.00 NOTE
r-oldrel-windows-ix86+x86_64 1.0.2 9.00 354.00 363.00 OK

Check Details

Version: 1.0.2
Check: dependencies in R code
Result: NOTE
    Namespace in Imports field not imported from: ‘colourpicker’
     All declared Imports should be used.
Flavors: r-devel-linux-x86_64-fedora-clang, r-devel-linux-x86_64-fedora-gcc, r-release-macos-arm64, r-release-macos-x86_64, r-oldrel-macos-arm64, r-oldrel-macos-x86_64