Last updated on 2023-01-30 09:54:07 CET.
Flavor | Version | Tinstall | Tcheck | Ttotal | Status | Flags |
---|---|---|---|---|---|---|
r-devel-linux-x86_64-debian-clang | 0.1.4 | 191.96 | 38.39 | 230.35 | NOTE | |
r-devel-linux-x86_64-debian-gcc | 0.1.4 | 146.06 | 30.00 | 176.06 | NOTE | |
r-devel-linux-x86_64-fedora-clang | 0.1.4 | 348.22 | NOTE | |||
r-devel-linux-x86_64-fedora-gcc | 0.1.4 | 311.25 | NOTE | |||
r-devel-windows-x86_64 | 0.1.4 | 152.00 | 98.00 | 250.00 | NOTE | |
r-patched-linux-x86_64 | 0.1.4 | 157.54 | 38.16 | 195.70 | NOTE | |
r-release-linux-x86_64 | 0.1.4 | 159.82 | 38.52 | 198.34 | NOTE | |
r-release-macos-arm64 | 0.1.4 | 64.00 | NOTE | |||
r-release-macos-x86_64 | 0.1.4 | 86.00 | NOTE | |||
r-release-windows-x86_64 | 0.1.4 | 146.00 | 94.00 | 240.00 | NOTE | |
r-oldrel-macos-arm64 | 0.1.4 | 74.00 | NOTE | |||
r-oldrel-macos-x86_64 | 0.1.4 | 134.00 | NOTE | |||
r-oldrel-windows-ix86+x86_64 | 0.1.4 | 475.00 | 102.00 | 577.00 | NOTE |
Version: 0.1.4
Check: LazyData
Result: NOTE
'LazyData' is specified without a 'data' directory
Flavors: r-devel-linux-x86_64-debian-clang, r-devel-linux-x86_64-debian-gcc, r-devel-linux-x86_64-fedora-clang, r-devel-linux-x86_64-fedora-gcc, r-devel-windows-x86_64, r-patched-linux-x86_64, r-release-linux-x86_64, r-release-macos-arm64, r-release-macos-x86_64, r-release-windows-x86_64, r-oldrel-macos-arm64, r-oldrel-macos-x86_64, r-oldrel-windows-ix86+x86_64
Version: 0.1.4
Check: C++ specification
Result: NOTE
Specified C++11: please update to current default of C++17
Flavors: r-devel-linux-x86_64-debian-gcc, r-devel-linux-x86_64-fedora-clang, r-devel-linux-x86_64-fedora-gcc, r-devel-windows-x86_64
Version: 0.1.4
Check: installed package size
Result: NOTE
installed size is 5.2Mb
sub-directories of 1Mb or more:
libs 5.1Mb
Flavor: r-oldrel-macos-arm64