CRAN Package Check Results for Package covBM

Last updated on 2023-01-26 07:53:47 CET.

Flavor Version Tinstall Tcheck Ttotal Status Flags
r-devel-linux-x86_64-debian-clang 0.1.0 3.00 55.44 58.44 OK
r-devel-linux-x86_64-debian-gcc 0.1.0 2.93 44.64 47.57 OK
r-devel-linux-x86_64-fedora-clang 0.1.0 74.99 NOTE
r-devel-linux-x86_64-fedora-gcc 0.1.0 84.19 NOTE
r-devel-windows-x86_64 0.1.0 20.00 105.00 125.00 OK
r-patched-linux-x86_64 0.1.0 3.40 56.07 59.47 OK
r-release-linux-x86_64 0.1.0 2.96 55.66 58.62 OK
r-release-macos-arm64 0.1.0 32.00 OK
r-release-macos-x86_64 0.1.0 43.00 OK
r-release-windows-x86_64 0.1.0 18.00 113.00 131.00 OK
r-oldrel-macos-arm64 0.1.0 42.00 OK
r-oldrel-macos-x86_64 0.1.0 63.00 OK
r-oldrel-windows-ix86+x86_64 0.1.0 10.00 102.00 112.00 OK

Check Details

Version: 0.1.0
Check: compiled code
Result: NOTE
    File ‘covBM/libs/covBM.so’:
     Found no calls to: ‘R_registerRoutines’, ‘R_useDynamicSymbols’
    
    It is good practice to register native routines and to disable symbol
    search.
    
    See ‘Writing portable packages’ in the ‘Writing R Extensions’ manual.
Flavors: r-devel-linux-x86_64-fedora-clang, r-devel-linux-x86_64-fedora-gcc