Last updated on 2023-11-30 07:52:31 CET.
Flavor | Version | Tinstall | Tcheck | Ttotal | Status | Flags |
---|---|---|---|---|---|---|
r-devel-linux-x86_64-debian-clang | 0.1.0 | 3.74 | 51.10 | 54.84 | OK | |
r-devel-linux-x86_64-debian-gcc | 0.1.0 | 2.95 | 41.06 | 44.01 | OK | |
r-devel-linux-x86_64-fedora-clang | 0.1.0 | 69.71 | NOTE | |||
r-devel-linux-x86_64-fedora-gcc | 0.1.0 | 84.60 | NOTE | |||
r-devel-windows-x86_64 | 0.1.0 | 6.00 | 84.00 | 90.00 | OK | |
r-patched-linux-x86_64 | 0.1.0 | 3.75 | 50.06 | 53.81 | OK | |
r-release-linux-x86_64 | 0.1.0 | 3.69 | 49.08 | 52.77 | OK | |
r-release-macos-arm64 | 0.1.0 | 40.00 | OK | |||
r-release-macos-x86_64 | 0.1.0 | 63.00 | OK | |||
r-release-windows-x86_64 | 0.1.0 | 6.00 | 83.00 | 89.00 | OK | |
r-oldrel-macos-arm64 | 0.1.0 | 35.00 | OK | |||
r-oldrel-macos-x86_64 | 0.1.0 | 43.00 | OK | |||
r-oldrel-windows-x86_64 | 0.1.0 | 7.00 | 96.00 | 103.00 | OK |
Version: 0.1.0
Check: compiled code
Result: NOTE
File ‘covBM/libs/covBM.so’:
Found no calls to: ‘R_registerRoutines’, ‘R_useDynamicSymbols’
It is good practice to register native routines and to disable symbol
search.
See ‘Writing portable packages’ in the ‘Writing R Extensions’ manual.
Flavors: r-devel-linux-x86_64-fedora-clang, r-devel-linux-x86_64-fedora-gcc