Last updated on 2023-02-07 07:53:56 CET.
Flavor | Version | Tinstall | Tcheck | Ttotal | Status | Flags |
---|---|---|---|---|---|---|
r-devel-linux-x86_64-debian-clang | 0.4.0 | 3.45 | 32.11 | 35.56 | OK | |
r-devel-linux-x86_64-debian-gcc | 0.4.0 | 2.02 | 26.13 | 28.15 | OK | |
r-devel-linux-x86_64-fedora-clang | 0.4.0 | 45.65 | NOTE | |||
r-devel-linux-x86_64-fedora-gcc | 0.4.0 | 58.14 | OK | |||
r-devel-windows-x86_64 | 0.4.0 | 18.00 | 63.00 | 81.00 | OK | |
r-patched-linux-x86_64 | 0.4.0 | 3.26 | 32.64 | 35.90 | OK | |
r-release-linux-x86_64 | 0.4.0 | 2.72 | 32.44 | 35.16 | OK | |
r-release-macos-arm64 | 0.4.0 | 24.00 | OK | |||
r-release-macos-x86_64 | 0.4.0 | 41.00 | OK | |||
r-release-windows-x86_64 | 0.4.0 | 23.00 | 68.00 | 91.00 | OK | |
r-oldrel-macos-arm64 | 0.4.0 | 26.00 | OK | |||
r-oldrel-macos-x86_64 | 0.4.0 | 34.00 | OK | |||
r-oldrel-windows-ix86+x86_64 | 0.4.0 | 8.00 | 64.00 | 72.00 | OK |
Version: 0.4.0
Check: Rd cross-references
Result: NOTE
Undeclared packages ‘xaringan’, ‘beepr’ in Rd xrefs
Flavor: r-devel-linux-x86_64-fedora-clang