CRAN Package Check Results for Package cosmoFns

Last updated on 2024-04-13 07:53:02 CEST.

Flavor Version Tinstall Tcheck Ttotal Status Flags
r-devel-linux-x86_64-debian-clang 1.1-1 1.54 22.67 24.21 NOTE
r-devel-linux-x86_64-debian-gcc 1.1-1 1.52 17.72 19.24 NOTE
r-devel-linux-x86_64-fedora-clang 1.1-1 31.90 NOTE
r-devel-linux-x86_64-fedora-gcc 1.1-1 30.49 NOTE
r-devel-windows-x86_64 1.1-1 2.00 37.00 39.00 NOTE
r-patched-linux-x86_64 1.1-1 2.68 21.64 24.32 NOTE
r-release-linux-x86_64 1.1-1 1.71 22.61 24.32 NOTE
r-release-macos-arm64 1.1-1 16.00 NOTE
r-release-macos-x86_64 1.1-1 18.00 NOTE
r-release-windows-x86_64 1.1-1 3.00 39.00 42.00 NOTE
r-oldrel-macos-arm64 1.1-1 16.00 OK
r-oldrel-windows-x86_64 1.1-1 24.00 44.00 68.00 OK

Check Details

Version: 1.1-1
Check: Rd files
Result: NOTE checkRd: (-1) cosmoFns-package.Rd:34: Escaped LaTeX specials: \& Flavors: r-devel-linux-x86_64-debian-clang, r-devel-linux-x86_64-debian-gcc, r-devel-linux-x86_64-fedora-clang, r-devel-linux-x86_64-fedora-gcc, r-devel-windows-x86_64, r-patched-linux-x86_64, r-release-linux-x86_64, r-release-macos-arm64, r-release-macos-x86_64, r-release-windows-x86_64