Last updated on 2023-03-28 07:52:58 CEST.
Flavor | Version | Tinstall | Tcheck | Ttotal | Status | Flags |
---|---|---|---|---|---|---|
r-devel-linux-x86_64-debian-clang | 1.1-1 | 2.29 | 22.31 | 24.60 | NOTE | |
r-devel-linux-x86_64-debian-gcc | 1.1-1 | 1.62 | 17.64 | 19.26 | NOTE | |
r-devel-linux-x86_64-fedora-clang | 1.1-1 | 31.68 | NOTE | |||
r-devel-linux-x86_64-fedora-gcc | 1.1-1 | 29.89 | NOTE | |||
r-patched-linux-x86_64 | 1.1-1 | 1.81 | 21.81 | 23.62 | NOTE | |
r-release-linux-x86_64 | 1.1-1 | 1.79 | 23.20 | 24.99 | OK | |
r-release-macos-arm64 | 1.1-1 | 16.00 | OK | |||
r-release-macos-x86_64 | 1.1-1 | 22.00 | OK | |||
r-release-windows-x86_64 | 1.1-1 | 24.00 | 44.00 | 68.00 | OK | |
r-oldrel-macos-arm64 | 1.1-1 | 16.00 | OK | |||
r-oldrel-macos-x86_64 | 1.1-1 | 21.00 | OK | |||
r-oldrel-windows-ix86+x86_64 | 1.1-1 | 5.00 | 38.00 | 43.00 | OK |
Version: 1.1-1
Check: Rd files
Result: NOTE
checkRd: (-1) cosmoFns-package.Rd:34: Escaped LaTeX specials: \&
Flavors: r-devel-linux-x86_64-debian-clang, r-devel-linux-x86_64-debian-gcc, r-devel-linux-x86_64-fedora-clang, r-devel-linux-x86_64-fedora-gcc, r-patched-linux-x86_64