Last updated on 2023-03-21 06:51:31 CET.
Flavor | Version | Tinstall | Tcheck | Ttotal | Status | Flags |
---|---|---|---|---|---|---|
r-devel-linux-x86_64-debian-clang | 1.0.7 | OK | ||||
r-devel-linux-x86_64-debian-gcc | 1.0.7 | 2.28 | 19.27 | 21.55 | OK | |
r-devel-linux-x86_64-fedora-clang | 1.0.7 | 34.90 | OK | |||
r-devel-linux-x86_64-fedora-gcc | 1.0.7 | 32.37 | OK | |||
r-devel-windows-x86_64 | 1.0.7 | 12.00 | 58.00 | 70.00 | OK | |
r-patched-linux-x86_64 | 1.0.7 | 2.39 | 24.69 | 27.08 | OK | |
r-release-linux-x86_64 | 1.0.7 | 2.69 | 25.21 | 27.90 | OK | |
r-release-macos-arm64 | 1.0.7 | 21.00 | NOTE | |||
r-release-macos-x86_64 | 1.0.7 | 22.00 | OK | |||
r-release-windows-x86_64 | 1.0.7 | 17.00 | 56.00 | 73.00 | OK | |
r-oldrel-macos-arm64 | 1.0.7 | 20.00 | OK | |||
r-oldrel-macos-x86_64 | 1.0.7 | 25.00 | OK | |||
r-oldrel-windows-ix86+x86_64 | 1.0.7 | 6.00 | 53.00 | 59.00 | OK |
Version: 1.0.7
Check: package dependencies
Result: NOTE
Package suggested but not available for checking: ‘ICAMS’
Flavor: r-release-macos-arm64
Version: 1.0.7
Check: Rd cross-references
Result: NOTE
Package unavailable to check Rd xrefs: ‘ICAMS’
Flavor: r-release-macos-arm64