CRAN Package Check Results for Package corregp

Last updated on 2023-02-02 06:54:46 CET.

Flavor Version Tinstall Tcheck Ttotal Status Flags
r-devel-linux-x86_64-debian-clang 2.0.2 7.33 74.19 81.52 OK
r-devel-linux-x86_64-debian-gcc 2.0.2 5.99 53.96 59.95 OK
r-devel-linux-x86_64-fedora-clang 2.0.2 98.02 NOTE
r-devel-linux-x86_64-fedora-gcc 2.0.2 104.33 NOTE
r-devel-windows-x86_64 2.0.2 24.00 120.00 144.00 OK
r-patched-linux-x86_64 2.0.2 7.51 64.86 72.37 OK
r-release-linux-x86_64 2.0.2 6.52 68.20 74.72 OK
r-release-macos-arm64 2.0.2 34.00 NOTE
r-release-macos-x86_64 2.0.2 42.00 NOTE
r-release-windows-x86_64 2.0.2 23.00 115.00 138.00 OK
r-oldrel-macos-arm64 2.0.2 48.00 NOTE
r-oldrel-macos-x86_64 2.0.2 59.00 NOTE
r-oldrel-windows-ix86+x86_64 2.0.2 16.00 93.00 109.00 OK

Additional issues

donttest

Check Details

Version: 2.0.2
Check: data for non-ASCII characters
Result: NOTE
     Note: found 2 marked Latin-1 strings
Flavors: r-devel-linux-x86_64-fedora-clang, r-devel-linux-x86_64-fedora-gcc, r-release-macos-arm64, r-release-macos-x86_64, r-oldrel-macos-arm64, r-oldrel-macos-x86_64