Last updated on 2023-02-05 07:57:17 CET.
Flavor | Version | Tinstall | Tcheck | Ttotal | Status | Flags |
---|---|---|---|---|---|---|
r-devel-linux-x86_64-debian-clang | 0.3.32 | 15.59 | 54.09 | 69.68 | OK | |
r-devel-linux-x86_64-debian-gcc | 0.3.32 | 14.96 | 43.63 | 58.59 | OK | |
r-devel-linux-x86_64-fedora-clang | 0.3.32 | 94.33 | NOTE | |||
r-devel-linux-x86_64-fedora-gcc | 0.3.32 | 104.40 | NOTE | |||
r-devel-windows-x86_64 | 0.3.32 | 25.00 | 88.00 | 113.00 | OK | |
r-patched-linux-x86_64 | 0.3.32 | 11.37 | 53.98 | 65.35 | OK | |
r-release-linux-x86_64 | 0.3.32 | 11.10 | 54.02 | 65.12 | OK | |
r-release-macos-arm64 | 0.3.32 | 33.00 | NOTE | |||
r-release-macos-x86_64 | 0.3.32 | 48.00 | NOTE | |||
r-release-windows-x86_64 | 0.3.32 | 23.00 | 93.00 | 116.00 | OK | |
r-oldrel-macos-arm64 | 0.3.32 | 32.00 | NOTE | |||
r-oldrel-macos-x86_64 | 0.3.32 | 46.00 | NOTE | |||
r-oldrel-windows-ix86+x86_64 | 0.3.32 | 26.00 | 94.00 | 120.00 | OK |
Version: 0.3.32
Check: data for non-ASCII characters
Result: NOTE
Note: found 6 marked UTF-8 strings
Flavors: r-devel-linux-x86_64-fedora-clang, r-devel-linux-x86_64-fedora-gcc, r-release-macos-arm64, r-release-macos-x86_64, r-oldrel-macos-arm64, r-oldrel-macos-x86_64