Last updated on 2023-10-04 07:03:00 CEST.
Flavor | Version | Tinstall | Tcheck | Ttotal | Status | Flags |
---|---|---|---|---|---|---|
r-devel-linux-x86_64-debian-clang | 1.4.3 | 11.49 | 110.05 | 121.54 | NOTE | |
r-devel-linux-x86_64-debian-gcc | 1.4.3 | 12.32 | 84.23 | 96.55 | NOTE | |
r-devel-linux-x86_64-fedora-clang | 1.4.3 | 151.16 | NOTE | |||
r-devel-linux-x86_64-fedora-gcc | 1.4.3 | 151.28 | NOTE | |||
r-devel-windows-x86_64 | 1.4.3 | 13.00 | 97.00 | 110.00 | NOTE | |
r-patched-linux-x86_64 | 1.4.3 | 13.63 | 106.31 | 119.94 | NOTE | |
r-release-linux-x86_64 | 1.4.3 | 12.29 | 108.90 | 121.19 | NOTE | |
r-release-macos-arm64 | 1.4.3 | 47.00 | NOTE | |||
r-release-macos-x86_64 | 1.4.3 | 83.00 | NOTE | |||
r-release-windows-x86_64 | 1.4.3 | 15.00 | 110.00 | 125.00 | NOTE | |
r-oldrel-macos-arm64 | 1.4.3 | 44.00 | NOTE | |||
r-oldrel-macos-x86_64 | 1.4.3 | 58.00 | NOTE | |||
r-oldrel-windows-x86_64 | 1.4.3 | 17.00 | 118.00 | 135.00 | NOTE |
Version: 1.4.3
Check: package dependencies
Result: NOTE
Packages suggested but not available for checking:
'cec2005benchmark', 'cec2013'
Flavors: r-devel-linux-x86_64-debian-clang, r-devel-linux-x86_64-debian-gcc, r-devel-linux-x86_64-fedora-clang, r-devel-linux-x86_64-fedora-gcc, r-devel-windows-x86_64, r-patched-linux-x86_64, r-release-linux-x86_64, r-release-macos-arm64, r-release-macos-x86_64, r-release-windows-x86_64, r-oldrel-windows-x86_64
Version: 1.4.3
Check: package dependencies
Result: NOTE
Package suggested but not available for checking: ‘cec2005benchmark’
Flavors: r-oldrel-macos-arm64, r-oldrel-macos-x86_64