Last updated on 2023-01-27 07:50:29 CET.
Flavor | Version | Tinstall | Tcheck | Ttotal | Status | Flags |
---|---|---|---|---|---|---|
r-devel-linux-x86_64-debian-clang | 1.4.3 | 11.99 | 110.21 | 122.20 | NOTE | |
r-devel-linux-x86_64-debian-gcc | 1.4.3 | 10.81 | 82.48 | 93.29 | NOTE | |
r-devel-linux-x86_64-fedora-clang | 1.4.3 | 152.04 | NOTE | |||
r-devel-linux-x86_64-fedora-gcc | 1.4.3 | 155.33 | NOTE | |||
r-devel-windows-x86_64 | 1.4.3 | 35.00 | 134.00 | 169.00 | NOTE | |
r-patched-linux-x86_64 | 1.4.3 | 16.20 | 104.52 | 120.72 | NOTE | |
r-release-linux-x86_64 | 1.4.3 | 10.30 | 105.93 | 116.23 | NOTE | |
r-release-macos-arm64 | 1.4.3 | 44.00 | NOTE | |||
r-release-macos-x86_64 | 1.4.3 | 58.00 | NOTE | |||
r-release-windows-x86_64 | 1.4.3 | 52.00 | 133.00 | 185.00 | NOTE | |
r-oldrel-macos-arm64 | 1.4.3 | 49.00 | NOTE | |||
r-oldrel-macos-x86_64 | 1.4.3 | 86.00 | NOTE | |||
r-oldrel-windows-ix86+x86_64 | 1.4.3 | 28.00 | 127.00 | 155.00 | OK |
Version: 1.4.3
Check: package dependencies
Result: NOTE
Packages suggested but not available for checking:
'cec2005benchmark', 'cec2013'
Flavors: r-devel-linux-x86_64-debian-clang, r-devel-linux-x86_64-debian-gcc, r-devel-linux-x86_64-fedora-clang, r-devel-linux-x86_64-fedora-gcc, r-patched-linux-x86_64, r-release-linux-x86_64
Version: 1.4.3
Check: package dependencies
Result: NOTE
Package suggested but not available for checking: 'cec2005benchmark'
Flavors: r-devel-windows-x86_64, r-release-macos-arm64, r-release-macos-x86_64, r-release-windows-x86_64, r-oldrel-macos-arm64, r-oldrel-macos-x86_64