Last updated on 2023-12-06 07:50:10 CET.
Flavor | Version | Tinstall | Tcheck | Ttotal | Status | Flags |
---|---|---|---|---|---|---|
r-devel-linux-x86_64-debian-clang | 2.0-4 | 39.27 | 59.72 | 98.99 | NOTE | |
r-devel-linux-x86_64-debian-gcc | 2.0-4 | 26.00 | 46.35 | 72.35 | NOTE | |
r-devel-linux-x86_64-fedora-clang | 2.0-4 | 136.76 | OK | |||
r-devel-linux-x86_64-fedora-gcc | 2.0-4 | 131.13 | OK | |||
r-devel-windows-x86_64 | 2.0-4 | 33.00 | 82.00 | 115.00 | OK | |
r-patched-linux-x86_64 | 2.0-4 | 26.32 | 59.16 | 85.48 | OK | |
r-release-linux-x86_64 | 2.0-4 | 24.62 | 58.06 | 82.68 | OK | |
r-release-macos-arm64 | 2.0-4 | 39.00 | OK | |||
r-release-macos-x86_64 | 2.0-4 | 57.00 | OK | |||
r-release-windows-x86_64 | 2.0-4 | 42.00 | 96.00 | 138.00 | OK | |
r-oldrel-macos-arm64 | 2.0-4 | 35.00 | OK | |||
r-oldrel-macos-x86_64 | 2.0-4 | 69.00 | OK | |||
r-oldrel-windows-x86_64 | 2.0-4 | 39.00 | 88.00 | 127.00 | OK |
Version: 2.0-4
Check: Rd files
Result: NOTE
checkRd: (-1) copCAR.Rd:40: Lost braces
40 | item{\code{maxit}}{the maximum number of iterations to be used by \code{\link{optim}} when optimizing the objective function. Defaults to \code{1000}.}
| ^
checkRd: (-1) copCAR.Rd:40: Lost braces
40 | item{\code{maxit}}{the maximum number of iterations to be used by \code{\link{optim}} when optimizing the objective function. Defaults to \code{1000}.}
| ^
Flavors: r-devel-linux-x86_64-debian-clang, r-devel-linux-x86_64-debian-gcc