CRAN Package Check Results for Package control

Last updated on 2023-02-07 07:53:56 CET.

Flavor Version Tinstall Tcheck Ttotal Status Flags
r-devel-linux-x86_64-debian-clang 0.2.5 4.91 56.26 61.17 NOTE
r-devel-linux-x86_64-debian-gcc 0.2.5 4.18 41.91 46.09 NOTE
r-devel-linux-x86_64-fedora-clang 0.2.5 78.19 NOTE
r-devel-linux-x86_64-fedora-gcc 0.2.5 75.39 NOTE
r-devel-windows-x86_64 0.2.5 34.00 98.00 132.00 NOTE
r-patched-linux-x86_64 0.2.5 7.40 50.07 57.47 NOTE
r-release-linux-x86_64 0.2.5 4.49 50.17 54.66 NOTE
r-release-macos-arm64 0.2.5 23.00 NOTE
r-release-macos-x86_64 0.2.5 35.00 NOTE
r-release-windows-x86_64 0.2.5 32.00 93.00 125.00 NOTE
r-oldrel-macos-arm64 0.2.5 26.00 NOTE
r-oldrel-macos-x86_64 0.2.5 50.00 NOTE
r-oldrel-windows-ix86+x86_64 0.2.5 11.00 90.00 101.00 NOTE

Check Details

Version: 0.2.5
Check: LazyData
Result: NOTE
     'LazyData' is specified without a 'data' directory
Flavors: r-devel-linux-x86_64-debian-clang, r-devel-linux-x86_64-debian-gcc, r-devel-linux-x86_64-fedora-clang, r-devel-linux-x86_64-fedora-gcc, r-devel-windows-x86_64, r-patched-linux-x86_64, r-release-linux-x86_64, r-release-macos-arm64, r-release-macos-x86_64, r-release-windows-x86_64, r-oldrel-macos-arm64, r-oldrel-macos-x86_64, r-oldrel-windows-ix86+x86_64