Last updated on 2023-01-27 07:50:29 CET.
Flavor | Version | Tinstall | Tcheck | Ttotal | Status | Flags |
---|---|---|---|---|---|---|
r-devel-linux-x86_64-debian-clang | 1.3.1 | 223.03 | 86.62 | 309.65 | OK | |
r-devel-linux-x86_64-debian-gcc | 1.3.1 | 162.33 | 67.58 | 229.91 | NOTE | |
r-devel-linux-x86_64-fedora-clang | 1.3.1 | 450.69 | OK | |||
r-devel-linux-x86_64-fedora-gcc | 1.3.1 | 417.23 | NOTE | |||
r-devel-windows-x86_64 | 1.3.1 | 165.00 | 138.00 | 303.00 | OK | |
r-patched-linux-x86_64 | 1.3.1 | 171.34 | 83.99 | 255.33 | OK | |
r-release-linux-x86_64 | 1.3.1 | 174.35 | 88.02 | 262.37 | OK | |
r-release-macos-arm64 | 1.3.1 | 103.00 | NOTE | |||
r-release-macos-x86_64 | 1.3.1 | 128.00 | NOTE | |||
r-release-windows-x86_64 | 1.3.1 | 183.00 | 138.00 | 321.00 | OK | |
r-oldrel-macos-arm64 | 1.3.1 | 95.00 | NOTE | |||
r-oldrel-macos-x86_64 | 1.3.1 | 126.00 | NOTE | |||
r-oldrel-windows-ix86+x86_64 | 1.3.1 | 457.00 | 155.00 | 612.00 | NOTE |
Version: 1.3.1
Check: C++ specification
Result: NOTE
Specified C++11: please update to current default of C++17
Flavors: r-devel-linux-x86_64-debian-gcc, r-devel-linux-x86_64-fedora-gcc
Version: 1.3.1
Check: installed package size
Result: NOTE
installed size is 19.6Mb
sub-directories of 1Mb or more:
libs 19.4Mb
Flavors: r-release-macos-arm64, r-release-macos-x86_64, r-oldrel-macos-arm64, r-oldrel-macos-x86_64, r-oldrel-windows-ix86+x86_64