Last updated on 2023-02-07 07:53:56 CET.
Flavor | Version | Tinstall | Tcheck | Ttotal | Status | Flags |
---|---|---|---|---|---|---|
r-devel-linux-x86_64-debian-clang | 1.0.0 | 2.60 | 30.83 | 33.43 | NOTE | |
r-devel-linux-x86_64-debian-gcc | 1.0.0 | 1.87 | 23.72 | 25.59 | NOTE | |
r-devel-linux-x86_64-fedora-clang | 1.0.0 | 41.70 | NOTE | |||
r-devel-linux-x86_64-fedora-gcc | 1.0.0 | 40.98 | NOTE | |||
r-devel-windows-x86_64 | 1.0.0 | 14.00 | 58.00 | 72.00 | NOTE | |
r-patched-linux-x86_64 | 1.0.0 | 2.21 | 30.10 | 32.31 | NOTE | |
r-release-linux-x86_64 | 1.0.0 | 2.46 | 30.67 | 33.13 | NOTE | |
r-release-macos-arm64 | 1.0.0 | 17.00 | NOTE | |||
r-release-macos-x86_64 | 1.0.0 | 25.00 | NOTE | |||
r-release-windows-x86_64 | 1.0.0 | 10.00 | 59.00 | 69.00 | NOTE | |
r-oldrel-macos-arm64 | 1.0.0 | 25.00 | NOTE | |||
r-oldrel-macos-x86_64 | 1.0.0 | 33.00 | NOTE | |||
r-oldrel-windows-ix86+x86_64 | 1.0.0 | 5.00 | 64.00 | 69.00 | NOTE |
Version: 1.0.0
Check: LazyData
Result: NOTE
'LazyData' is specified without a 'data' directory
Flavors: r-devel-linux-x86_64-debian-clang, r-devel-linux-x86_64-debian-gcc, r-devel-linux-x86_64-fedora-clang, r-devel-linux-x86_64-fedora-gcc, r-devel-windows-x86_64, r-patched-linux-x86_64, r-release-linux-x86_64, r-release-macos-arm64, r-release-macos-x86_64, r-release-windows-x86_64, r-oldrel-macos-arm64, r-oldrel-macos-x86_64, r-oldrel-windows-ix86+x86_64