CRAN Package Check Results for Package connectwidgets

Last updated on 2023-12-01 07:50:01 CET.

Flavor Version Tinstall Tcheck Ttotal Status Flags
r-devel-linux-x86_64-debian-clang 0.2.1 5.66 49.24 54.90 OK
r-devel-linux-x86_64-debian-gcc 0.2.1 4.46 36.80 41.26 OK
r-devel-linux-x86_64-fedora-clang 0.2.1 70.37 NOTE
r-devel-linux-x86_64-fedora-gcc 0.2.1 82.63 OK
r-devel-windows-x86_64 0.2.1 6.00 65.00 71.00 OK
r-patched-linux-x86_64 0.2.1 3.51 47.19 50.70 OK
r-release-linux-x86_64 0.2.1 4.30 46.83 51.13 OK
r-release-macos-arm64 0.2.1 30.00 OK
r-release-macos-x86_64 0.2.1 87.00 OK
r-release-windows-x86_64 0.2.1 9.00 66.00 75.00 OK
r-oldrel-macos-arm64 0.2.1 31.00 OK
r-oldrel-macos-x86_64 0.2.1 40.00 OK
r-oldrel-windows-x86_64 0.2.1 9.00 68.00 77.00 OK

Check Details

Version: 0.2.1
Check: installed package size
Result: NOTE installed size is 5.0Mb sub-directories of 1Mb or more: htmlwidgets 3.9Mb Flavor: r-devel-linux-x86_64-fedora-clang