CRAN Package Check Results for Package conflr

Last updated on 2023-02-08 06:56:20 CET.

Flavor Version Tinstall Tcheck Ttotal Status Flags
r-devel-linux-x86_64-debian-clang 0.1.1 4.04 35.69 39.73 NOTE
r-devel-linux-x86_64-debian-gcc 0.1.1 3.65 27.42 31.07 NOTE
r-devel-linux-x86_64-fedora-clang 0.1.1 50.19 NOTE
r-devel-linux-x86_64-fedora-gcc 0.1.1 74.42 NOTE
r-devel-windows-x86_64 0.1.1 23.00 70.00 93.00 NOTE
r-patched-linux-x86_64 0.1.1 5.12 34.48 39.60 NOTE
r-release-linux-x86_64 0.1.1 4.17 34.40 38.57 NOTE
r-release-macos-arm64 0.1.1 47.00 NOTE
r-release-macos-x86_64 0.1.1 71.00 NOTE
r-release-windows-x86_64 0.1.1 21.00 70.00 91.00 NOTE
r-oldrel-macos-arm64 0.1.1 25.00 NOTE
r-oldrel-macos-x86_64 0.1.1 38.00 NOTE
r-oldrel-windows-ix86+x86_64 0.1.1 10.00 70.00 80.00 NOTE

Check Details

Version: 0.1.1
Check: LazyData
Result: NOTE
     'LazyData' is specified without a 'data' directory
Flavors: r-devel-linux-x86_64-debian-clang, r-devel-linux-x86_64-debian-gcc, r-devel-linux-x86_64-fedora-clang, r-devel-linux-x86_64-fedora-gcc, r-devel-windows-x86_64, r-patched-linux-x86_64, r-release-linux-x86_64, r-release-macos-arm64, r-release-macos-x86_64, r-release-windows-x86_64, r-oldrel-macos-arm64, r-oldrel-macos-x86_64, r-oldrel-windows-ix86+x86_64

Version: 0.1.1
Check: dependencies in R code
Result: NOTE
    Namespace in Imports field not imported from: ‘R6’
     All declared Imports should be used.
Flavors: r-devel-linux-x86_64-fedora-clang, r-devel-linux-x86_64-fedora-gcc, r-release-macos-arm64, r-release-macos-x86_64, r-oldrel-macos-arm64, r-oldrel-macos-x86_64