CRAN Package Check Results for Package configural

Last updated on 2024-03-02 06:51:49 CET.

Flavor Version Tinstall Tcheck Ttotal Status Flags
r-devel-linux-x86_64-debian-clang 0.1.4 3.79 54.84 58.63 NOTE
r-devel-linux-x86_64-debian-gcc 0.1.4 3.61 38.83 42.44 NOTE
r-devel-linux-x86_64-fedora-clang 0.1.4 71.68 NOTE
r-devel-linux-x86_64-fedora-gcc 0.1.4 68.66 NOTE
r-devel-windows-x86_64 0.1.4 5.00 63.00 68.00 NOTE
r-patched-linux-x86_64 0.1.4 4.31 52.29 56.60 OK
r-release-linux-x86_64 0.1.4 4.04 52.87 56.91 OK
r-release-macos-arm64 0.1.4 23.00 OK
r-release-macos-x86_64 0.1.4 37.00 OK
r-release-windows-x86_64 0.1.4 5.00 70.00 75.00 OK
r-oldrel-macos-arm64 0.1.4 21.00 OK
r-oldrel-windows-x86_64 0.1.4 7.00 69.00 76.00 OK

Check Details

Version: 0.1.4
Check: package namespace information
Result: NOTE Found export directive that requires package ‘methods’: ‘exportClasses’ Remove all such namespace directives (if obsolete) or ensure that the DESCRIPTION Depends or Imports field contains ‘methods’. Flavors: r-devel-linux-x86_64-debian-clang, r-devel-linux-x86_64-debian-gcc, r-devel-linux-x86_64-fedora-clang, r-devel-linux-x86_64-fedora-gcc, r-devel-windows-x86_64